CRAN Package Check Results for Package dsmisc

Last updated on 2025-07-13 18:52:42 CEST.

Flavor Version Tinstall Tcheck Ttotal Status Flags
r-devel-linux-x86_64-debian-clang 0.3.3 9.30 26.22 35.52 NOTE
r-devel-linux-x86_64-debian-gcc 0.3.3 7.21 20.88 28.09 NOTE
r-devel-linux-x86_64-fedora-clang 0.3.3 62.03 NOTE
r-devel-linux-x86_64-fedora-gcc 0.3.3 54.48 NOTE
r-devel-windows-x86_64 0.3.3 13.00 59.00 72.00 NOTE
r-patched-linux-x86_64 0.3.3 10.10 23.85 33.95 NOTE
r-release-linux-x86_64 0.3.3 10.31 23.69 34.00 NOTE
r-release-macos-arm64 0.3.3 26.00 NOTE
r-release-macos-x86_64 0.3.3 37.00 NOTE
r-release-windows-x86_64 0.3.3 14.00 62.00 76.00 NOTE
r-oldrel-macos-arm64 0.3.3 23.00 NOTE
r-oldrel-macos-x86_64 0.3.3 31.00 NOTE
r-oldrel-windows-x86_64 0.3.3 17.00 71.00 88.00 NOTE

Check Details

Version: 0.3.3
Check: C++ specification
Result: NOTE Specified C++11: please drop specification unless essential Flavors: r-devel-linux-x86_64-debian-clang, r-devel-linux-x86_64-debian-gcc, r-devel-linux-x86_64-fedora-clang, r-devel-linux-x86_64-fedora-gcc, r-devel-windows-x86_64, r-patched-linux-x86_64, r-release-linux-x86_64, r-release-macos-arm64, r-release-macos-x86_64, r-release-windows-x86_64, r-oldrel-macos-arm64, r-oldrel-macos-x86_64, r-oldrel-windows-x86_64

mirror server hosted at Truenetwork, Russian Federation.