Last updated on 2025-02-21 17:50:39 CET.
Flavor | Version | Tinstall | Tcheck | Ttotal | Status | Flags |
---|---|---|---|---|---|---|
r-devel-linux-x86_64-debian-clang | 1.9.0 | 27.92 | 78.16 | 106.08 | NOTE | |
r-devel-linux-x86_64-debian-gcc | 1.9.0 | 17.02 | 58.99 | 76.01 | NOTE | |
r-devel-linux-x86_64-fedora-clang | 1.9.0 | 175.34 | NOTE | |||
r-devel-linux-x86_64-fedora-gcc | 1.9.0 | 170.97 | NOTE | |||
r-devel-macos-arm64 | 1.9.0 | 58.00 | OK | |||
r-devel-macos-x86_64 | 1.9.0 | 95.00 | NOTE | |||
r-devel-windows-x86_64 | 1.9.0 | 29.00 | 108.00 | 137.00 | NOTE | |
r-patched-linux-x86_64 | 1.9.0 | 23.63 | 73.59 | 97.22 | OK | |
r-release-linux-x86_64 | 1.9.0 | 25.34 | 73.51 | 98.85 | OK | |
r-release-macos-arm64 | 1.9.0 | 57.00 | OK | |||
r-release-macos-x86_64 | 1.9.0 | 134.00 | OK | |||
r-release-windows-x86_64 | 1.9.0 | 32.00 | 110.00 | 142.00 | OK | |
r-oldrel-macos-arm64 | 1.9.0 | 73.00 | OK | |||
r-oldrel-macos-x86_64 | 1.9.0 | 107.00 | OK | |||
r-oldrel-windows-x86_64 | 1.9.0 | 35.00 | 129.00 | 164.00 | OK |
Version: 1.9.0
Check: DESCRIPTION meta-information
Result: NOTE
Missing dependency on R >= 4.1.0 because package code uses the pipe
|> or function shorthand \(...) syntax added in R 4.1.0.
File(s) using such syntax:
‘dscore.R’ ‘get_age_equivalent.R’
Flavors: r-devel-linux-x86_64-debian-clang, r-devel-linux-x86_64-debian-gcc, r-devel-linux-x86_64-fedora-clang, r-devel-linux-x86_64-fedora-gcc, r-devel-macos-x86_64, r-devel-windows-x86_64