Last updated on 2025-11-04 05:51:09 CET.
| Flavor | Version | Tinstall | Tcheck | Ttotal | Status | Flags | 
|---|---|---|---|---|---|---|
| r-devel-linux-x86_64-debian-clang | 2.0.0 | 3.15 | 92.56 | 95.71 | ERROR | |
| r-devel-linux-x86_64-debian-gcc | 2.0.1 | 2.58 | 95.61 | 98.19 | OK | |
| r-devel-linux-x86_64-fedora-clang | 2.0.1 | 222.65 | OK | |||
| r-devel-linux-x86_64-fedora-gcc | 2.0.1 | 234.39 | OK | |||
| r-devel-windows-x86_64 | 2.0.1 | 10.00 | 173.00 | 183.00 | OK | |
| r-patched-linux-x86_64 | 2.0.0 | 3.34 | 87.15 | 90.49 | ERROR | |
| r-release-linux-x86_64 | 2.0.0 | 3.21 | 88.03 | 91.24 | ERROR | |
| r-release-macos-arm64 | 2.0.1 | 2.00 | 103.00 | 105.00 | OK | |
| r-release-macos-x86_64 | 2.0.1 | 4.00 | 197.00 | 201.00 | OK | |
| r-release-windows-x86_64 | 2.0.0 | 6.00 | 116.00 | 122.00 | ERROR | |
| r-oldrel-macos-arm64 | 2.0.1 | 2.00 | 79.00 | 81.00 | OK | |
| r-oldrel-macos-x86_64 | 2.0.1 | 4.00 | 197.00 | 201.00 | OK | |
| r-oldrel-windows-x86_64 | 2.0.1 | 6.00 | 134.00 | 140.00 | OK | 
Version: 2.0.0
Check: re-building of vignette outputs
Result: ERROR
  Error(s) in re-building vignettes:
    ...
  --- re-building ‘additional_topics.Rmd’ using rmarkdown
  [WARNING] Deprecated: --highlight-style. Use --syntax-highlighting instead.
  --- finished re-building ‘additional_topics.Rmd’
  
  --- re-building ‘end_to_end_workflow.rmd’ using rmarkdown
  [WARNING] Deprecated: --highlight-style. Use --syntax-highlighting instead.
  --- finished re-building ‘end_to_end_workflow.rmd’
  
  --- re-building ‘fastkm.Rmd’ using rmarkdown
  [WARNING] Deprecated: --highlight-style. Use --syntax-highlighting instead.
  --- finished re-building ‘fastkm.Rmd’
  
  --- re-building ‘no_empty_drops.Rmd’ using rmarkdown
  [WARNING] Deprecated: --highlight-style. Use --syntax-highlighting instead.
  --- finished re-building ‘no_empty_drops.Rmd’
  
  --- re-building ‘understanding_dsb.Rmd’ using rmarkdown
  
  Quitting from understanding_dsb.Rmd:75-104 [unnamed-chunk-7]
  ~~~~~~~~~~~~~~~~~~~~~~~~~~~~~~~~~~~~~~~~~~~~~~~~~~~~~~~~~~~~~~~~~~~~~~~~~~~~~~~~
  NULL
  ~~~~~~~~~~~~~~~~~~~~~~~~~~~~~~~~~~~~~~~~~~~~~~~~~~~~~~~~~~~~~~~~~~~~~~~~~~~~~~~~
  
  Error: processing vignette 'understanding_dsb.Rmd' failed with diagnostics:
  Problem while computing stat.
  ℹ Error occurred in the 2nd layer.
  Caused by error in `compute_layer()`:
  ! The package "MASS" is required for calculating 2D density.
  --- failed re-building ‘understanding_dsb.Rmd’
  
  SUMMARY: processing the following file failed:
    ‘understanding_dsb.Rmd’
  
  Error: Vignette re-building failed.
  Execution halted
Flavors: r-devel-linux-x86_64-debian-clang, r-patched-linux-x86_64, r-release-linux-x86_64
Version: 2.0.0
Check: re-building of vignette outputs
Result: ERROR
  Error(s) in re-building vignettes:
  --- re-building 'additional_topics.Rmd' using rmarkdown
  --- finished re-building 'additional_topics.Rmd'
  
  --- re-building 'end_to_end_workflow.rmd' using rmarkdown
  --- finished re-building 'end_to_end_workflow.rmd'
  
  --- re-building 'fastkm.Rmd' using rmarkdown
  --- finished re-building 'fastkm.Rmd'
  
  --- re-building 'no_empty_drops.Rmd' using rmarkdown
  --- finished re-building 'no_empty_drops.Rmd'
  
  --- re-building 'understanding_dsb.Rmd' using rmarkdown
  
  Quitting from understanding_dsb.Rmd:75-104 [unnamed-chunk-7]
  ~~~~~~~~~~~~~~~~~~~~~~~~~~~~~~~~~~~~~~~~~~~~~~~~~~~~~~~~~~~~~~~~~~~~~~~~~~~~~~~~
  NULL
  ~~~~~~~~~~~~~~~~~~~~~~~~~~~~~~~~~~~~~~~~~~~~~~~~~~~~~~~~~~~~~~~~~~~~~~~~~~~~~~~~
  
  Error: processing vignette 'understanding_dsb.Rmd' failed with diagnostics:
  Problem while computing stat.
  ℹ Error occurred in the 2nd layer.
  Caused by error in `compute_layer()`:
  ! The package "MASS" is required for calculating 2D density.
  --- failed re-building 'understanding_dsb.Rmd'
  
  SUMMARY: processing the following file failed:
    'understanding_dsb.Rmd'
  
  Error: Vignette re-building failed.
  Execution halted
Flavor: r-release-windows-x86_64