Last updated on 2025-05-22 18:52:04 CEST.
Flavor | Version | Tinstall | Tcheck | Ttotal | Status | Flags |
---|---|---|---|---|---|---|
r-devel-linux-x86_64-debian-clang | 0.1.0 | 4.97 | 44.54 | 49.51 | OK | |
r-devel-linux-x86_64-debian-gcc | 0.1.0 | 4.27 | 34.65 | 38.92 | OK | |
r-devel-linux-x86_64-fedora-clang | 0.1.0 | 78.28 | NOTE | |||
r-devel-linux-x86_64-fedora-gcc | 0.1.0 | 88.25 | NOTE | |||
r-devel-windows-x86_64 | 0.1.0 | 8.00 | 75.00 | 83.00 | OK | |
r-patched-linux-x86_64 | 0.1.0 | 5.80 | 42.67 | 48.47 | OK | |
r-release-linux-x86_64 | 0.1.0 | 3.73 | 42.43 | 46.16 | OK | |
r-release-macos-arm64 | 0.1.0 | 40.00 | OK | |||
r-release-macos-x86_64 | 0.1.0 | 59.00 | OK | |||
r-release-windows-x86_64 | 0.1.0 | 8.00 | 85.00 | 93.00 | OK | |
r-oldrel-macos-arm64 | 0.1.0 | 33.00 | NOTE | |||
r-oldrel-macos-x86_64 | 0.1.0 | 50.00 | NOTE | |||
r-oldrel-windows-x86_64 | 0.1.0 | 9.00 | 71.00 | 80.00 | NOTE |
Version: 0.1.0
Check: dependencies in R code
Result: NOTE
Namespaces in Imports field not imported from:
‘tidyr’ ‘tidyverse’
All declared Imports should be used.
Flavors: r-devel-linux-x86_64-fedora-clang, r-devel-linux-x86_64-fedora-gcc
Version: 0.1.0
Check: LazyData
Result: NOTE
'LazyData' is specified without a 'data' directory
Flavors: r-oldrel-macos-arm64, r-oldrel-macos-x86_64, r-oldrel-windows-x86_64