Last updated on 2025-11-04 13:50:13 CET.
| Flavor | Version | Tinstall | Tcheck | Ttotal | Status | Flags |
|---|---|---|---|---|---|---|
| r-devel-linux-x86_64-debian-clang | 0.1.0 | 5.32 | 46.24 | 51.56 | OK | |
| r-devel-linux-x86_64-debian-gcc | 0.1.0 | 3.82 | 36.31 | 40.13 | OK | |
| r-devel-linux-x86_64-fedora-clang | 0.1.0 | 12.00 | 66.95 | 78.95 | NOTE | |
| r-devel-linux-x86_64-fedora-gcc | 0.1.0 | 10.00 | 80.28 | 90.28 | NOTE | |
| r-devel-windows-x86_64 | 0.1.0 | 8.00 | 62.00 | 70.00 | OK | |
| r-patched-linux-x86_64 | 0.1.0 | 4.55 | 43.42 | 47.97 | OK | |
| r-release-linux-x86_64 | 0.1.0 | 5.35 | 43.30 | 48.65 | OK | |
| r-release-macos-arm64 | 0.1.0 | 3.00 | 37.00 | 40.00 | OK | |
| r-release-macos-x86_64 | 0.1.0 | 4.00 | 55.00 | 59.00 | OK | |
| r-release-windows-x86_64 | 0.1.0 | 8.00 | 61.00 | 69.00 | OK | |
| r-oldrel-macos-arm64 | 0.1.0 | 2.00 | 31.00 | 33.00 | NOTE | |
| r-oldrel-macos-x86_64 | 0.1.0 | 5.00 | 45.00 | 50.00 | NOTE | |
| r-oldrel-windows-x86_64 | 0.1.0 | 10.00 | 75.00 | 85.00 | NOTE |
Version: 0.1.0
Check: dependencies in R code
Result: NOTE
Namespaces in Imports field not imported from:
‘tidyr’ ‘tidyverse’
All declared Imports should be used.
Flavors: r-devel-linux-x86_64-fedora-clang, r-devel-linux-x86_64-fedora-gcc
Version: 0.1.0
Check: LazyData
Result: NOTE
'LazyData' is specified without a 'data' directory
Flavors: r-oldrel-macos-arm64, r-oldrel-macos-x86_64, r-oldrel-windows-x86_64