CRAN Package Check Results for Package doc2concrete

Last updated on 2025-07-13 18:52:42 CEST.

Flavor Version Tinstall Tcheck Ttotal Status Flags
r-devel-linux-x86_64-debian-clang 0.6.0 6.08 102.60 108.68 NOTE
r-devel-linux-x86_64-debian-gcc 0.6.0 5.80 76.65 82.45 NOTE
r-devel-linux-x86_64-fedora-clang 0.6.0 175.59 OK
r-devel-linux-x86_64-fedora-gcc 0.6.0 176.41 OK
r-devel-windows-x86_64 0.6.0 8.00 107.00 115.00 OK
r-patched-linux-x86_64 0.6.0 7.62 95.77 103.39 OK
r-release-linux-x86_64 0.6.0 7.59 95.26 102.85 OK
r-release-macos-arm64 0.6.0 56.00 OK
r-release-macos-x86_64 0.6.0 107.00 OK
r-release-windows-x86_64 0.6.0 9.00 112.00 121.00 OK
r-oldrel-macos-arm64 0.6.0 49.00 OK
r-oldrel-macos-x86_64 0.6.0 76.00 OK
r-oldrel-windows-x86_64 0.6.0 12.00 136.00 148.00 OK

Check Details

Version: 0.6.0
Check: CRAN incoming feasibility
Result: NOTE Maintainer: ‘Mike Yeomans <mk.yeomans@gmail.com>’ No Authors@R field in DESCRIPTION. Please add one, modifying Authors@R: person(given = "Mike", family = "Yeomans", role = c("aut", "cre"), email = "mk.yeomans@gmail.com") as necessary. Flavors: r-devel-linux-x86_64-debian-clang, r-devel-linux-x86_64-debian-gcc

mirror server hosted at Truenetwork, Russian Federation.