Last updated on 2025-11-04 05:51:09 CET.
| Flavor | Version | Tinstall | Tcheck | Ttotal | Status | Flags | 
|---|---|---|---|---|---|---|
| r-devel-linux-x86_64-debian-clang | 1.1.0 | 387.13 | 143.96 | 531.09 | OK | |
| r-devel-linux-x86_64-debian-gcc | 1.1.0 | 328.41 | 122.91 | 451.32 | OK | |
| r-devel-linux-x86_64-fedora-clang | 1.1.0 | 418.00 | 466.35 | 884.35 | OK | |
| r-devel-linux-x86_64-fedora-gcc | 1.1.0 | 507.00 | 530.07 | 1037.07 | OK | |
| r-devel-windows-x86_64 | 1.1.0 | 393.00 | 187.00 | 580.00 | OK | |
| r-patched-linux-x86_64 | 1.1.0 | 456.96 | 169.14 | 626.10 | OK | |
| r-release-linux-x86_64 | 1.1.0 | 440.64 | 167.57 | 608.21 | OK | |
| r-release-macos-arm64 | 1.1.0 | 147.00 | 45.00 | 192.00 | OK | |
| r-release-macos-x86_64 | 1.1.0 | 151.00 | 116.00 | 267.00 | OK | |
| r-release-windows-x86_64 | 1.1.0 | 383.00 | 180.00 | 563.00 | OK | |
| r-oldrel-macos-arm64 | 1.1.0 | 149.00 | 60.00 | 209.00 | NOTE | |
| r-oldrel-macos-x86_64 | 1.1.0 | 144.00 | 124.00 | 268.00 | NOTE | |
| r-oldrel-windows-x86_64 | 1.1.0 | 482.00 | 230.00 | 712.00 | NOTE | 
Version: 1.1.0
Check: installed package size
Result: NOTE
    installed size is 51.6Mb
    sub-directories of 1Mb or more:
      data   2.8Mb
      libs  47.8Mb
Flavors: r-oldrel-macos-arm64, r-oldrel-macos-x86_64, r-oldrel-windows-x86_64