Last updated on 2025-02-22 05:51:33 CET.
Flavor | Version | Tinstall | Tcheck | Ttotal | Status | Flags |
---|---|---|---|---|---|---|
r-devel-linux-x86_64-debian-clang | 1.0.3.1 | 7.46 | 25.33 | 32.79 | OK | |
r-devel-linux-x86_64-debian-gcc | 1.0.3.1 | 5.61 | 20.30 | 25.91 | OK | |
r-devel-linux-x86_64-fedora-clang | 1.0.3.1 | 51.20 | OK | |||
r-devel-linux-x86_64-fedora-gcc | 1.0.3.1 | 46.52 | OK | |||
r-devel-macos-arm64 | 1.0.3.1 | 25.00 | OK | |||
r-devel-macos-x86_64 | 1.0.3.1 | 42.00 | OK | |||
r-devel-windows-x86_64 | 1.0.3.1 | 15.00 | 62.00 | 77.00 | OK | |
r-patched-linux-x86_64 | 1.0.3.1 | 6.18 | 24.10 | 30.28 | OK | |
r-release-linux-x86_64 | 1.0.3.1 | 7.24 | 24.20 | 31.44 | OK | |
r-release-macos-arm64 | 1.0.3.1 | 25.00 | NOTE | |||
r-release-macos-x86_64 | 1.0.3.1 | 38.00 | NOTE | |||
r-release-windows-x86_64 | 1.0.3.1 | 16.00 | 60.00 | 76.00 | NOTE | |
r-oldrel-macos-arm64 | 1.0.3.1 | 25.00 | NOTE | |||
r-oldrel-macos-x86_64 | 1.0.3.1 | 40.00 | NOTE | |||
r-oldrel-windows-x86_64 | 1.0.3.1 | 18.00 | 71.00 | 89.00 | NOTE |
Version: 1.0.3.1
Check: installed package size
Result: NOTE
installed size is 16.2Mb
sub-directories of 1Mb or more:
include 15.8Mb
Flavors: r-release-macos-arm64, r-release-macos-x86_64, r-release-windows-x86_64, r-oldrel-macos-arm64, r-oldrel-macos-x86_64, r-oldrel-windows-x86_64