Last updated on 2025-11-04 05:51:09 CET.
| Flavor | Version | Tinstall | Tcheck | Ttotal | Status | Flags | 
|---|---|---|---|---|---|---|
| r-devel-linux-x86_64-debian-clang | 0.1-1 | 5.08 | 32.98 | 38.06 | NOTE | |
| r-devel-linux-x86_64-debian-gcc | 0.1-1 | 3.66 | 24.51 | 28.17 | NOTE | |
| r-devel-linux-x86_64-fedora-clang | 0.1-1 | 31.00 | 30.98 | 61.98 | OK | |
| r-devel-linux-x86_64-fedora-gcc | 0.1-1 | 11.00 | 62.83 | 73.83 | OK | |
| r-devel-windows-x86_64 | 0.1-1 | 6.00 | 49.00 | 55.00 | OK | |
| r-patched-linux-x86_64 | 0.1-1 | 5.50 | 30.65 | 36.15 | OK | |
| r-release-linux-x86_64 | 0.1-1 | 5.07 | 30.73 | 35.80 | OK | |
| r-release-macos-arm64 | 0.1-1 | 2.00 | 31.00 | 33.00 | OK | |
| r-release-macos-x86_64 | 0.1-1 | 5.00 | 47.00 | 52.00 | OK | |
| r-release-windows-x86_64 | 0.1-1 | 7.00 | 48.00 | 55.00 | OK | |
| r-oldrel-macos-arm64 | 0.1-1 | 2.00 | 23.00 | 25.00 | OK | |
| r-oldrel-macos-x86_64 | 0.1-1 | 3.00 | 36.00 | 39.00 | OK | |
| r-oldrel-windows-x86_64 | 0.1-1 | 9.00 | 58.00 | 67.00 | OK | 
Version: 0.1-1
Check: CRAN incoming feasibility
Result: NOTE
  Maintainer: ‘Odile Sauzet <odile.sauzet@uni-bielefeld.de>’
  
  No Authors@R field in DESCRIPTION.
  Please add one, modifying
    Authors@R: person(given = "Odile",
                      family = "Sauzet",
                      role = c("aut", "cre"),
                      email = "odile.sauzet@uni-bielefeld.de")
  as necessary.
  
  The Description field contains
    <arXiv:1809.03279> for more information.
  Please refer to arXiv e-prints via their arXiv DOI <doi:10.48550/arXiv.YYMM.NNNNN>.
Flavors: r-devel-linux-x86_64-debian-clang, r-devel-linux-x86_64-debian-gcc