CRAN Package Check Results for Package disparityfilter

Last updated on 2025-07-13 18:52:42 CEST.

Flavor Version Tinstall Tcheck Ttotal Status Flags
r-devel-linux-x86_64-debian-clang 2.2.3 2.30 29.50 31.80 OK
r-devel-linux-x86_64-debian-gcc 2.2.3 1.83 22.68 24.51 OK
r-devel-linux-x86_64-fedora-clang 2.2.3 48.36 OK
r-devel-linux-x86_64-fedora-gcc 2.2.3 45.85 OK
r-devel-windows-x86_64 2.2.3 4.00 47.00 51.00 OK
r-patched-linux-x86_64 2.2.3 2.22 26.80 29.02 OK
r-release-linux-x86_64 2.2.3 2.32 26.93 29.25 OK
r-release-macos-arm64 2.2.3 22.00 OK
r-release-macos-x86_64 2.2.3 38.00 OK
r-release-windows-x86_64 2.2.3 4.00 49.00 53.00 OK
r-oldrel-macos-arm64 2.2.3 18.00 NOTE
r-oldrel-macos-x86_64 2.2.3 26.00 NOTE
r-oldrel-windows-x86_64 2.2.3 5.00 49.00 54.00 NOTE

Check Details

Version: 2.2.3
Check: LazyData
Result: NOTE 'LazyData' is specified without a 'data' directory Flavors: r-oldrel-macos-arm64, r-oldrel-macos-x86_64, r-oldrel-windows-x86_64

mirror server hosted at Truenetwork, Russian Federation.