Last updated on 2025-11-04 11:52:28 CET.
| Flavor | Version | Tinstall | Tcheck | Ttotal | Status | Flags | 
|---|---|---|---|---|---|---|
| r-devel-linux-x86_64-debian-clang | 0.8.3 | 25.07 | 133.33 | 158.40 | NOTE | |
| r-devel-linux-x86_64-debian-gcc | 0.8.3 | 15.95 | 92.43 | 108.38 | NOTE | |
| r-devel-linux-x86_64-fedora-clang | 0.8.3 | 221.00 | 43.26 | 264.26 | NOTE | |
| r-devel-linux-x86_64-fedora-gcc | 0.8.3 | 52.00 | 173.08 | 225.08 | NOTE | |
| r-devel-windows-x86_64 | 0.8.3 | 29.00 | 163.00 | 192.00 | NOTE | |
| r-patched-linux-x86_64 | 0.8.3 | 24.09 | 122.32 | 146.41 | NOTE | |
| r-release-linux-x86_64 | 0.8.3 | 23.67 | 121.97 | 145.64 | NOTE | |
| r-release-macos-arm64 | 0.8.3 | 11.00 | 56.00 | 67.00 | NOTE | |
| r-release-macos-x86_64 | 0.8.3 | 20.00 | 101.00 | 121.00 | NOTE | |
| r-release-windows-x86_64 | 0.8.3 | 26.00 | 161.00 | 187.00 | NOTE | |
| r-oldrel-macos-arm64 | 0.8.3 | 11.00 | 51.00 | 62.00 | NOTE | |
| r-oldrel-macos-x86_64 | 0.8.3 | 16.00 | 80.00 | 96.00 | NOTE | |
| r-oldrel-windows-x86_64 | 0.8.3 | 36.00 | 216.00 | 252.00 | NOTE | 
Version: 0.8.3
Check: Rd files
Result: NOTE
  checkRd: (-1) csv_to_disk.frame.Rd:56: Lost braces; missing escapes or markup?
      56 | strings, and you are encouraged to use {fasttime} to convert the strings to
         |                                        ^
  checkRd: (-1) purrr_as_mapper.Rd:10: Lost braces; missing escapes or markup?
      10 | \item{.f}{a normal function or purrr syntax function i.e. `~{ ...code...}`}
         |                                                             ^
Flavors: r-devel-linux-x86_64-debian-clang, r-devel-linux-x86_64-debian-gcc, r-devel-linux-x86_64-fedora-clang, r-devel-linux-x86_64-fedora-gcc, r-devel-windows-x86_64, r-patched-linux-x86_64, r-release-linux-x86_64, r-release-macos-arm64, r-release-macos-x86_64, r-release-windows-x86_64, r-oldrel-macos-arm64, r-oldrel-macos-x86_64, r-oldrel-windows-x86_64