CRAN Package Check Results for Package discretefit

Last updated on 2025-11-28 12:48:35 CET.

Flavor Version Tinstall Tcheck Ttotal Status Flags
r-devel-linux-x86_64-debian-clang 0.1.2 18.36 40.87 59.23 NOTE
r-devel-linux-x86_64-debian-gcc 0.1.2 12.87 31.09 43.96 NOTE
r-devel-linux-x86_64-fedora-clang 0.1.2 36.00 62.36 98.36 NOTE
r-devel-linux-x86_64-fedora-gcc 0.1.2 40.00 66.60 106.60 NOTE
r-devel-windows-x86_64 0.1.2 28.00 70.00 98.00 NOTE
r-patched-linux-x86_64 0.1.2 17.46 36.91 54.37 NOTE
r-release-linux-x86_64 0.1.2 18.66 37.16 55.82 NOTE
r-release-macos-arm64 0.1.2 NOTE
r-release-macos-x86_64 0.1.2 10.00 50.00 60.00 NOTE
r-release-windows-x86_64 0.1.2 23.00 72.00 95.00 NOTE
r-oldrel-macos-arm64 0.1.2 NOTE
r-oldrel-macos-x86_64 0.1.2 9.00 40.00 49.00 NOTE
r-oldrel-windows-x86_64 0.1.2 26.00 90.00 116.00 NOTE

Check Details

Version: 0.1.2
Check: C++ specification
Result: NOTE Specified C++11: support will be removed soon Flavors: r-devel-linux-x86_64-debian-clang, r-devel-linux-x86_64-debian-gcc, r-devel-linux-x86_64-fedora-clang, r-devel-linux-x86_64-fedora-gcc

Version: 0.1.2
Check: C++ specification
Result: NOTE Specified C++11: please drop specification unless essential Flavors: r-devel-windows-x86_64, r-patched-linux-x86_64, r-release-linux-x86_64, r-release-macos-arm64, r-release-macos-x86_64, r-release-windows-x86_64, r-oldrel-macos-arm64, r-oldrel-macos-x86_64, r-oldrel-windows-x86_64

mirror server hosted at Truenetwork, Russian Federation.