Last updated on 2025-11-04 11:52:28 CET.
| Flavor | Version | Tinstall | Tcheck | Ttotal | Status | Flags | 
|---|---|---|---|---|---|---|
| r-devel-linux-x86_64-debian-clang | 0.2.2 | 8.92 | 114.36 | 123.28 | OK | |
| r-devel-linux-x86_64-debian-gcc | 0.2.2 | 6.48 | 79.93 | 86.41 | OK | |
| r-devel-linux-x86_64-fedora-clang | 0.2.2 | 19.00 | 161.64 | 180.64 | OK | |
| r-devel-linux-x86_64-fedora-gcc | 0.2.2 | 19.00 | 157.85 | 176.85 | OK | |
| r-devel-windows-x86_64 | 0.2.2 | 18.00 | 130.00 | 148.00 | OK | |
| r-patched-linux-x86_64 | 0.2.2 | 10.69 | 105.48 | 116.17 | OK | |
| r-release-linux-x86_64 | 0.2.2 | 8.86 | 106.09 | 114.95 | OK | |
| r-release-macos-arm64 | 0.2.2 | 5.00 | 40.00 | 45.00 | OK | |
| r-release-macos-x86_64 | 0.2.2 | 8.00 | 79.00 | 87.00 | OK | |
| r-release-windows-x86_64 | 0.2.2 | 17.00 | 129.00 | 146.00 | OK | |
| r-oldrel-macos-arm64 | 0.2.2 | 4.00 | 47.00 | 51.00 | NOTE | |
| r-oldrel-macos-x86_64 | 0.2.2 | 9.00 | 84.00 | 93.00 | NOTE | |
| r-oldrel-windows-x86_64 | 0.2.2 | 20.00 | 162.00 | 182.00 | NOTE | 
Version: 0.2.2
Check: installed package size
Result: NOTE
    installed size is  5.1Mb
    sub-directories of 1Mb or more:
      tutorials   4.2Mb
Flavors: r-oldrel-macos-arm64, r-oldrel-macos-x86_64, r-oldrel-windows-x86_64