CRAN Package Check Results for Package discoverableresearch

Last updated on 2025-11-03 17:49:47 CET.

Flavor Version Tinstall Tcheck Ttotal Status Flags
r-devel-linux-x86_64-debian-clang 0.0.1 2.35 40.69 43.04 OK
r-devel-linux-x86_64-debian-gcc 0.0.1 1.62 28.91 30.53 OK
r-devel-linux-x86_64-fedora-clang 0.0.1 65.72 NOTE
r-devel-linux-x86_64-fedora-gcc 0.0.1 76.64 NOTE
r-devel-windows-x86_64 0.0.1 5.00 62.00 67.00 OK
r-patched-linux-x86_64 0.0.1 2.17 37.68 39.85 OK
r-release-linux-x86_64 0.0.1 2.07 38.55 40.62 OK
r-release-macos-arm64 0.0.1 1.00 31.00 32.00 OK
r-release-macos-x86_64 0.0.1 2.00 55.00 57.00 OK
r-release-windows-x86_64 0.0.1 6.00 60.00 66.00 OK
r-oldrel-macos-arm64 0.0.1 1.00 30.00 31.00 OK
r-oldrel-macos-x86_64 0.0.1 2.00 44.00 46.00 OK
r-oldrel-windows-x86_64 0.0.1 5.00 73.00 78.00 OK

Check Details

Version: 0.0.1
Check: dependencies in R code
Result: NOTE Namespaces in Imports field not imported from: ‘dplyr’ ‘readr’ All declared Imports should be used. Flavors: r-devel-linux-x86_64-fedora-clang, r-devel-linux-x86_64-fedora-gcc

mirror server hosted at Truenetwork, Russian Federation.