Last updated on 2025-05-28 00:48:59 CEST.
Flavor | Version | Tinstall | Tcheck | Ttotal | Status | Flags |
---|---|---|---|---|---|---|
r-devel-linux-x86_64-debian-clang | 1.1.0 | 3.51 | 50.18 | 53.69 | NOTE | |
r-devel-linux-x86_64-debian-gcc | 1.1.0 | 2.24 | 36.96 | 39.20 | NOTE | |
r-devel-linux-x86_64-fedora-clang | 1.1.0 | 83.04 | NOTE | |||
r-devel-linux-x86_64-fedora-gcc | 1.1.0 | 91.55 | NOTE | |||
r-devel-windows-x86_64 | 1.1.0 | 5.00 | 69.00 | 74.00 | NOTE | |
r-patched-linux-x86_64 | 1.1.0 | 3.78 | 46.57 | 50.35 | NOTE | |
r-release-linux-x86_64 | 1.1.0 | 3.52 | 46.08 | 49.60 | NOTE | |
r-release-macos-arm64 | 1.1.0 | 36.00 | NOTE | |||
r-release-macos-x86_64 | 1.1.0 | 63.00 | NOTE | |||
r-release-windows-x86_64 | 1.1.0 | 6.00 | 68.00 | 74.00 | NOTE | |
r-oldrel-macos-arm64 | 1.1.0 | 34.00 | OK | |||
r-oldrel-macos-x86_64 | 1.1.0 | 50.00 | OK | |||
r-oldrel-windows-x86_64 | 1.1.0 | 6.00 | 80.00 | 86.00 | OK |
Version: 1.1.0
Check: DESCRIPTION meta-information
Result: NOTE
Missing dependency on R >= 4.1.0 because package code uses the pipe
|> or function shorthand \(...) syntax added in R 4.1.0.
File(s) using such syntax:
‘dilp_functions.R’
Flavors: r-devel-linux-x86_64-debian-clang, r-devel-linux-x86_64-debian-gcc, r-devel-linux-x86_64-fedora-clang, r-devel-linux-x86_64-fedora-gcc, r-devel-windows-x86_64, r-patched-linux-x86_64, r-release-linux-x86_64, r-release-macos-arm64, r-release-macos-x86_64, r-release-windows-x86_64