Last updated on 2025-11-04 13:50:13 CET.
| Flavor | Version | Tinstall | Tcheck | Ttotal | Status | Flags |
|---|---|---|---|---|---|---|
| r-devel-linux-x86_64-debian-clang | 2.1.0 | 2.02 | 36.42 | 38.44 | OK | |
| r-devel-linux-x86_64-debian-gcc | 2.1.0 | 1.61 | 29.02 | 30.63 | OK | |
| r-devel-linux-x86_64-fedora-clang | 2.1.0 | 57.15 | OK | |||
| r-devel-linux-x86_64-fedora-gcc | 2.1.0 | 71.30 | OK | |||
| r-devel-windows-x86_64 | 2.1.0 | 5.00 | 63.00 | 68.00 | OK | |
| r-patched-linux-x86_64 | 2.1.0 | 2.11 | 32.72 | 34.83 | OK | |
| r-release-linux-x86_64 | 2.1.0 | 2.12 | 32.67 | 34.79 | OK | |
| r-release-macos-arm64 | 2.1.0 | 1.00 | 56.00 | 57.00 | OK | |
| r-release-macos-x86_64 | 2.1.0 | 2.00 | 80.00 | 82.00 | OK | |
| r-release-windows-x86_64 | 2.1.0 | 4.00 | 60.00 | 64.00 | OK | |
| r-oldrel-macos-arm64 | 2.1.0 | 1.00 | 37.00 | 38.00 | NOTE | |
| r-oldrel-macos-x86_64 | 2.1.0 | 4.00 | 106.00 | 110.00 | NOTE | |
| r-oldrel-windows-x86_64 | 2.1.0 | 6.00 | 70.00 | 76.00 | NOTE |
Version: 2.1.0
Check: installed package size
Result: NOTE
installed size is 10.9Mb
sub-directories of 1Mb or more:
doc 10.8Mb
Flavors: r-oldrel-macos-arm64, r-oldrel-macos-x86_64, r-oldrel-windows-x86_64