CRAN Package Check Results for Package diario

Last updated on 2025-02-22 11:51:24 CET.

Flavor Version Tinstall Tcheck Ttotal Status Flags
r-devel-linux-x86_64-debian-clang 0.1.0 2.07 17.17 19.24 NOTE
r-devel-linux-x86_64-debian-gcc 0.1.0 1.48 14.18 15.66 NOTE
r-devel-linux-x86_64-fedora-clang 0.1.0 30.61 NOTE
r-devel-linux-x86_64-fedora-gcc 0.1.0 27.00 NOTE
r-devel-macos-arm64 0.1.0 16.00 OK
r-devel-macos-x86_64 0.1.0 27.00 NOTE
r-devel-windows-x86_64 0.1.0 4.00 47.00 51.00 NOTE
r-patched-linux-x86_64 0.1.0 2.18 16.52 18.70 OK
r-release-linux-x86_64 0.1.0 1.72 16.50 18.22 OK
r-release-macos-arm64 0.1.0 20.00 OK
r-release-macos-x86_64 0.1.0 35.00 OK
r-release-windows-x86_64 0.1.0 4.00 41.00 45.00 OK
r-oldrel-macos-arm64 0.1.0 20.00 OK
r-oldrel-macos-x86_64 0.1.0 33.00 OK
r-oldrel-windows-x86_64 0.1.0 4.00 42.00 46.00 OK

Check Details

Version: 0.1.0
Check: DESCRIPTION meta-information
Result: NOTE Missing dependency on R >= 4.1.0 because package code uses the pipe |> or function shorthand \(...) syntax added in R 4.1.0. File(s) using such syntax: ‘diario.R’ Flavors: r-devel-linux-x86_64-debian-clang, r-devel-linux-x86_64-debian-gcc, r-devel-linux-x86_64-fedora-clang, r-devel-linux-x86_64-fedora-gcc, r-devel-macos-x86_64, r-devel-windows-x86_64

mirror server hosted at Truenetwork, Russian Federation.