Last updated on 2025-11-04 05:51:08 CET.
| Flavor | Version | Tinstall | Tcheck | Ttotal | Status | Flags | 
|---|---|---|---|---|---|---|
| r-devel-linux-x86_64-debian-clang | 2.1.7 | 29.88 | 84.79 | 114.67 | NOTE | |
| r-devel-linux-x86_64-debian-gcc | 2.1.7 | 17.52 | 59.54 | 77.06 | NOTE | |
| r-devel-linux-x86_64-fedora-clang | 2.1.7 | 52.00 | 115.48 | 167.48 | NOTE | |
| r-devel-linux-x86_64-fedora-gcc | 2.1.7 | 52.00 | 108.54 | 160.54 | NOTE | |
| r-devel-windows-x86_64 | 2.1.7 | 34.00 | 104.00 | 138.00 | NOTE | |
| r-patched-linux-x86_64 | 2.1.7 | 26.33 | 77.93 | 104.26 | NOTE | |
| r-release-linux-x86_64 | 2.1.7 | 24.37 | 77.66 | 102.03 | NOTE | |
| r-release-macos-arm64 | 2.1.7 | 18.00 | 44.00 | 62.00 | NOTE | |
| r-release-macos-x86_64 | 2.1.7 | 22.00 | 118.00 | 140.00 | NOTE | |
| r-release-windows-x86_64 | 2.1.7 | 34.00 | 101.00 | 135.00 | NOTE | |
| r-oldrel-macos-arm64 | 2.1.7 | 15.00 | 40.00 | 55.00 | NOTE | |
| r-oldrel-macos-x86_64 | 2.1.7 | 22.00 | 80.00 | 102.00 | NOTE | |
| r-oldrel-windows-x86_64 | 2.1.7 | 42.00 | 126.00 | 168.00 | NOTE | 
Version: 2.1.7
Check: Rd files
Result: NOTE
  checkRd: (-1) AIC.dglars.Rd:47: Lost braces
      47 | \item{comp}{the measures of model complexity used to compute the measure of goodness-of-fit. It is equal to \code{npar} when code{complexity = "df"};}
         |                                                                                                                                  ^
  checkRd: (-1) dglars.Rd:258: Lost braces
     258 |                 \item{\code{7}}{maximum number of solution points ('code{np}') reached.}
         |                                                                         ^
Flavors: r-devel-linux-x86_64-debian-clang, r-devel-linux-x86_64-debian-gcc, r-devel-linux-x86_64-fedora-clang, r-devel-linux-x86_64-fedora-gcc, r-devel-windows-x86_64, r-patched-linux-x86_64, r-release-linux-x86_64, r-release-macos-arm64, r-release-macos-x86_64, r-release-windows-x86_64, r-oldrel-macos-arm64, r-oldrel-macos-x86_64, r-oldrel-windows-x86_64