Last updated on 2025-11-03 23:50:15 CET.
| Flavor | Version | Tinstall | Tcheck | Ttotal | Status | Flags | 
|---|---|---|---|---|---|---|
| r-devel-linux-x86_64-debian-clang | 2025.10.21 | 17.11 | 205.78 | 222.89 | OK | |
| r-devel-linux-x86_64-debian-gcc | 2025.10.21 | 10.15 | 139.60 | 149.75 | OK | |
| r-devel-linux-x86_64-fedora-clang | 2025.10.21 | 67.00 | 314.30 | 381.30 | OK | |
| r-devel-linux-x86_64-fedora-gcc | 2025.10.21 | 36.00 | 313.76 | 349.76 | OK | |
| r-devel-windows-x86_64 | 2025.10.21 | 18.00 | 217.00 | 235.00 | OK | |
| r-patched-linux-x86_64 | 2025.10.21 | 15.76 | 196.76 | 212.52 | OK | |
| r-release-linux-x86_64 | 2025.10.21 | 14.94 | 194.59 | 209.53 | OK | |
| r-release-macos-arm64 | 2025.10.21 | 6.00 | 71.00 | 77.00 | WARN | |
| r-release-macos-x86_64 | 2025.10.21 | 23.00 | 223.00 | 246.00 | WARN | |
| r-release-windows-x86_64 | 2025.10.21 | 19.00 | 216.00 | 235.00 | OK | |
| r-oldrel-macos-arm64 | 2025.10.21 | 6.00 | 71.00 | 77.00 | WARN | |
| r-oldrel-macos-x86_64 | 2025.10.21 | 17.00 | 196.00 | 213.00 | WARN | |
| r-oldrel-windows-x86_64 | 2025.10.21 | 24.00 | 268.00 | 292.00 | OK | 
Version: 2025.10.21
Check: Rd files
Result: WARN
  prepare_Rd: package version mismatch: 
  glmmTMB was built with TMB package version 1.9.17
  Current TMB package version is 1.9.18
  Please re-install glmmTMB from source or restore original ‘TMB’ package (see '?reinstalling' for more information)
Flavors: r-release-macos-arm64, r-release-macos-x86_64, r-oldrel-macos-arm64, r-oldrel-macos-x86_64