CRAN Package Check Results for Package deepMOU

Last updated on 2025-07-13 00:48:23 CEST.

Flavor Version Tinstall Tcheck Ttotal Status Flags
r-devel-linux-x86_64-debian-clang 0.1.1 7.13 56.89 64.02 OK
r-devel-linux-x86_64-debian-gcc 0.1.1 4.63 41.02 45.65 OK
r-devel-linux-x86_64-fedora-clang 0.1.1 99.84 NOTE
r-devel-linux-x86_64-fedora-gcc 0.1.1 93.25 NOTE
r-devel-windows-x86_64 0.1.1 9.00 75.00 84.00 OK
r-patched-linux-x86_64 0.1.1 7.14 53.47 60.61 OK
r-release-linux-x86_64 0.1.1 5.67 53.49 59.16 OK
r-release-macos-arm64 0.1.1 39.00 OK
r-release-macos-x86_64 0.1.1 54.00 OK
r-release-windows-x86_64 0.1.1 8.00 78.00 86.00 OK
r-oldrel-macos-arm64 0.1.1 31.00 OK
r-oldrel-macos-x86_64 0.1.1 47.00 OK
r-oldrel-windows-x86_64 0.1.1 11.00 88.00 99.00 OK

Check Details

Version: 0.1.1
Check: dependencies in R code
Result: NOTE Namespace in Imports field not imported from: ‘dplyr’ All declared Imports should be used. Flavors: r-devel-linux-x86_64-fedora-clang, r-devel-linux-x86_64-fedora-gcc

mirror server hosted at Truenetwork, Russian Federation.