Last updated on 2025-11-04 05:51:08 CET.
| Flavor | Version | Tinstall | Tcheck | Ttotal | Status | Flags | 
|---|---|---|---|---|---|---|
| r-devel-linux-x86_64-debian-clang | 1.2-1 | 1.44 | 166.60 | 168.04 | NOTE | |
| r-devel-linux-x86_64-debian-gcc | 1.2-1 | 1.53 | 128.41 | 129.94 | NOTE | |
| r-devel-linux-x86_64-fedora-clang | 1.2-1 | 285.23 | NOTE | |||
| r-devel-linux-x86_64-fedora-gcc | 1.2-1 | 312.77 | NOTE | |||
| r-devel-windows-x86_64 | 1.2-1 | 4.00 | 210.00 | 214.00 | NOTE | |
| r-patched-linux-x86_64 | 1.2-1 | 1.84 | 176.50 | 178.34 | NOTE | |
| r-release-linux-x86_64 | 1.2-1 | 1.64 | 176.86 | 178.50 | NOTE | |
| r-release-macos-arm64 | 1.2-1 | 1.00 | 117.00 | 118.00 | NOTE | |
| r-release-macos-x86_64 | 1.2-1 | 2.00 | 213.00 | 215.00 | NOTE | |
| r-release-windows-x86_64 | 1.2-1 | 3.00 | 212.00 | 215.00 | NOTE | |
| r-oldrel-macos-arm64 | 1.2-1 | 1.00 | 113.00 | 114.00 | NOTE | |
| r-oldrel-macos-x86_64 | 1.2-1 | 2.00 | 174.00 | 176.00 | NOTE | |
| r-oldrel-windows-x86_64 | 1.2-1 | 7.00 | 253.00 | 260.00 | NOTE | 
Version: 1.2-1
Check: Rd files
Result: NOTE
  checkRd: (-1) deconv.Rd:85: Lost braces; missing escapes or markup?
      85 |     \code{tg}, std. error of \eqn{g}, \eqn{G} (the cdf of {g}),
         |                                                           ^
Flavors: r-devel-linux-x86_64-debian-clang, r-devel-linux-x86_64-debian-gcc, r-devel-linux-x86_64-fedora-clang, r-devel-linux-x86_64-fedora-gcc, r-devel-windows-x86_64, r-patched-linux-x86_64, r-release-linux-x86_64, r-release-macos-arm64, r-release-macos-x86_64, r-release-windows-x86_64, r-oldrel-macos-arm64, r-oldrel-macos-x86_64, r-oldrel-windows-x86_64