CRAN Package Check Results for Package decisionSupport

Last updated on 2025-07-11 00:49:44 CEST.

Flavor Version Tinstall Tcheck Ttotal Status Flags
r-devel-linux-x86_64-debian-clang 1.114 20.24 222.87 243.11 NOTE
r-devel-linux-x86_64-debian-gcc 1.114 12.64 162.17 174.81 NOTE
r-devel-linux-x86_64-fedora-clang 1.114 366.63 OK
r-devel-linux-x86_64-fedora-gcc 1.114 356.54 OK
r-devel-windows-x86_64 1.114 22.00 207.00 229.00 NOTE
r-patched-linux-x86_64 1.114 20.32 205.07 225.39 NOTE
r-release-linux-x86_64 1.114 19.04 205.12 224.16 NOTE
r-release-macos-arm64 1.114 99.00 OK
r-release-macos-x86_64 1.114 168.00 OK
r-release-windows-x86_64 1.114 21.00 212.00 233.00 NOTE
r-oldrel-macos-arm64 1.114 69.00 OK
r-oldrel-macos-x86_64 1.114 139.00 OK
r-oldrel-windows-x86_64 1.114 30.00 266.00 296.00 OK

Check Details

Version: 1.114
Check: Rd cross-references
Result: NOTE Found the following Rd file(s) with Rd \link{} targets missing package anchors: plot_cashflow.Rd: ggplot2 Please provide package anchors for all Rd \link{} targets not in the package itself and the base packages. Flavors: r-devel-linux-x86_64-debian-clang, r-devel-linux-x86_64-debian-gcc, r-devel-windows-x86_64, r-patched-linux-x86_64, r-release-linux-x86_64, r-release-windows-x86_64

mirror server hosted at Truenetwork, Russian Federation.