Last updated on 2025-11-28 17:48:36 CET.
| Flavor | Version | Tinstall | Tcheck | Ttotal | Status | Flags |
|---|---|---|---|---|---|---|
| r-devel-linux-x86_64-debian-clang | 0.3.0 | 11.22 | 32.95 | 44.17 | NOTE | |
| r-devel-linux-x86_64-debian-gcc | 0.3.0 | 7.39 | 26.17 | 33.56 | NOTE | |
| r-devel-linux-x86_64-fedora-clang | 0.4.0 | 29.00 | 43.69 | 72.69 | OK | |
| r-devel-linux-x86_64-fedora-gcc | 0.4.0 | 32.00 | 51.06 | 83.06 | OK | |
| r-devel-windows-x86_64 | 0.3.0 | 20.00 | 70.00 | 90.00 | NOTE | |
| r-patched-linux-x86_64 | 0.3.0 | 11.21 | 29.73 | 40.94 | NOTE | |
| r-release-linux-x86_64 | 0.3.0 | 10.47 | 29.77 | 40.24 | NOTE | |
| r-release-macos-arm64 | 0.3.0 | NOTE | ||||
| r-release-macos-x86_64 | 0.4.0 | 23.00 | 193.00 | 216.00 | OK | |
| r-release-windows-x86_64 | 0.3.0 | 14.00 | 67.00 | 81.00 | NOTE | |
| r-oldrel-macos-arm64 | 0.3.0 | NOTE | ||||
| r-oldrel-macos-x86_64 | 0.4.0 | 25.00 | 221.00 | 246.00 | OK | |
| r-oldrel-windows-x86_64 | 0.3.0 | 16.00 | 83.00 | 99.00 | NOTE |
Version: 0.3.0
Check: C++ specification
Result: NOTE
Specified C++11: support will be removed soon
Flavors: r-devel-linux-x86_64-debian-clang, r-devel-linux-x86_64-debian-gcc
Version: 0.3.0
Check: C++ specification
Result: NOTE
Specified C++11: please drop specification unless essential
Flavors: r-devel-windows-x86_64, r-patched-linux-x86_64, r-release-linux-x86_64, r-release-macos-arm64, r-release-windows-x86_64, r-oldrel-macos-arm64, r-oldrel-windows-x86_64
Version: 0.3.0
Check: LazyData
Result: NOTE
'LazyData' is specified without a 'data' directory
Flavors: r-oldrel-macos-arm64, r-oldrel-windows-x86_64