CRAN Package Check Results for Package debugr

Last updated on 2025-07-11 06:48:25 CEST.

Flavor Version Tinstall Tcheck Ttotal Status Flags
r-devel-linux-x86_64-debian-clang 0.0.1 1.55 22.93 24.48 OK
r-devel-linux-x86_64-debian-gcc 0.0.1 1.45 19.28 20.73 OK
r-devel-linux-x86_64-fedora-clang 0.0.1 39.39 OK
r-devel-linux-x86_64-fedora-gcc 0.0.1 49.27 OK
r-devel-windows-x86_64 0.0.1 3.00 43.00 46.00 OK
r-patched-linux-x86_64 0.0.1 1.74 20.88 22.62 OK
r-release-linux-x86_64 0.0.1 1.58 20.62 22.20 OK
r-release-macos-arm64 0.0.1 22.00 OK
r-release-macos-x86_64 0.0.1 41.00 OK
r-release-windows-x86_64 0.0.1 3.00 44.00 47.00 OK
r-oldrel-macos-arm64 0.0.1 22.00 NOTE
r-oldrel-macos-x86_64 0.0.1 33.00 NOTE
r-oldrel-windows-x86_64 0.0.1 2.00 47.00 49.00 NOTE

Check Details

Version: 0.0.1
Check: LazyData
Result: NOTE 'LazyData' is specified without a 'data' directory Flavors: r-oldrel-macos-arm64, r-oldrel-macos-x86_64, r-oldrel-windows-x86_64

mirror server hosted at Truenetwork, Russian Federation.