Last updated on 2025-11-04 11:52:28 CET.
| Flavor | Version | Tinstall | Tcheck | Ttotal | Status | Flags | 
|---|---|---|---|---|---|---|
| r-devel-linux-x86_64-debian-clang | 1.1 | 2.58 | 25.88 | 28.46 | NOTE | |
| r-devel-linux-x86_64-debian-gcc | 1.1 | 2.03 | 20.27 | 22.30 | NOTE | |
| r-devel-linux-x86_64-fedora-clang | 1.1 | 42.64 | NOTE | |||
| r-devel-linux-x86_64-fedora-gcc | 1.1 | 40.01 | NOTE | |||
| r-devel-windows-x86_64 | 1.1 | 4.00 | 47.00 | 51.00 | NOTE | |
| r-patched-linux-x86_64 | 1.1 | 2.43 | 24.46 | 26.89 | OK | |
| r-release-linux-x86_64 | 1.1 | 2.01 | 24.58 | 26.59 | OK | |
| r-release-macos-arm64 | 1.1 | 2.00 | 17.00 | 19.00 | OK | |
| r-release-macos-x86_64 | 1.1 | 3.00 | 25.00 | 28.00 | OK | |
| r-release-windows-x86_64 | 1.1 | 3.00 | 42.00 | 45.00 | OK | |
| r-oldrel-macos-arm64 | 1.1 | 1.00 | 19.00 | 20.00 | OK | |
| r-oldrel-macos-x86_64 | 1.1 | 5.00 | 54.00 | 59.00 | OK | |
| r-oldrel-windows-x86_64 | 1.1 | 5.00 | 48.00 | 53.00 | OK | 
Version: 1.1
Check: Rd files
Result: NOTE
  checkRd: (-1) dcorVS-package.Rd:11-17: Only 3 columns allowed in this table (row 1 has 2)
  checkRd: (-1) dcorVS-package.Rd:11-17: Only 3 columns allowed in this table (row 2 has 2)
  checkRd: (-1) dcorVS-package.Rd:11-17: Only 3 columns allowed in this table (row 3 has 2)
  checkRd: (-1) dcorVS-package.Rd:11-17: Only 3 columns allowed in this table (row 4 has 2)
  checkRd: (-1) dcorVS-package.Rd:11-17: Only 3 columns allowed in this table (row 5 has 2)
Flavors: r-devel-linux-x86_64-debian-clang, r-devel-linux-x86_64-debian-gcc, r-devel-linux-x86_64-fedora-clang, r-devel-linux-x86_64-fedora-gcc, r-devel-windows-x86_64