CRAN Package Check Results for Package dclone

Last updated on 2025-07-15 00:49:59 CEST.

Flavor Version Tinstall Tcheck Ttotal Status Flags
r-devel-linux-x86_64-debian-clang 2.3-2 25.28 167.62 192.90 NOTE
r-devel-linux-x86_64-debian-gcc 2.3-3 17.79 120.67 138.46 OK
r-devel-linux-x86_64-fedora-clang 2.3-3 300.18 OK
r-devel-linux-x86_64-fedora-gcc 2.3-3 269.01 OK
r-devel-windows-x86_64 2.3-2 20.00 163.00 183.00 NOTE
r-patched-linux-x86_64 2.3-2 27.85 160.06 187.91 NOTE
r-release-linux-x86_64 2.3-2 28.56 159.76 188.32 NOTE
r-release-macos-arm64 2.3-2 63.00 OK
r-release-macos-x86_64 2.3-2 150.00 OK
r-release-windows-x86_64 2.3-3 23.00 177.00 200.00 OK
r-oldrel-macos-arm64 2.3-2 68.00 NOTE
r-oldrel-macos-x86_64 2.3-2 135.00 NOTE
r-oldrel-windows-x86_64 2.3-2 28.00 202.00 230.00 NOTE

Check Details

Version: 2.3-2
Check: CRAN incoming feasibility
Result: NOTE Maintainer: ‘Peter Solymos <psolymos@gmail.com>’ No Authors@R field in DESCRIPTION. Please add one, modifying Authors@R: person(given = "Peter", family = "Solymos", role = c("aut", "cre"), email = "psolymos@gmail.com", comment = c(ORCID = "0000-0001-7337-1740")) as necessary. Flavor: r-devel-linux-x86_64-debian-clang

Version: 2.3-2
Check: Rd cross-references
Result: NOTE Found the following Rd file(s) with Rd \link{} targets missing package anchors: dcoptions.Rd: gelman.diag Please provide package anchors for all Rd \link{} targets not in the package itself and the base packages. Flavors: r-devel-linux-x86_64-debian-clang, r-devel-windows-x86_64, r-patched-linux-x86_64, r-release-linux-x86_64

Version: 2.3-2
Check: package dependencies
Result: NOTE Package suggested but not available for checking: ‘BRugs’ Flavors: r-oldrel-macos-arm64, r-oldrel-macos-x86_64, r-oldrel-windows-x86_64

mirror server hosted at Truenetwork, Russian Federation.