Last updated on 2025-07-13 18:52:42 CEST.
Flavor | Version | Tinstall | Tcheck | Ttotal | Status | Flags |
---|---|---|---|---|---|---|
r-devel-linux-x86_64-debian-clang | 0.1.0 | 21.83 | 24.86 | 46.69 | NOTE | |
r-devel-linux-x86_64-debian-gcc | 0.1.0 | 15.65 | 21.08 | 36.73 | NOTE | |
r-devel-linux-x86_64-fedora-clang | 0.1.0 | 84.83 | OK | |||
r-devel-linux-x86_64-fedora-gcc | 0.1.0 | 72.52 | OK | |||
r-devel-windows-x86_64 | 0.1.0 | 25.00 | 65.00 | 90.00 | OK | |
r-patched-linux-x86_64 | 0.1.0 | 21.55 | 22.61 | 44.16 | OK | |
r-release-linux-x86_64 | 0.1.0 | 21.15 | 22.32 | 43.47 | OK | |
r-release-macos-arm64 | 0.1.0 | 26.00 | OK | |||
r-release-macos-x86_64 | 0.1.0 | 39.00 | OK | |||
r-release-windows-x86_64 | 0.1.0 | 26.00 | 68.00 | 94.00 | OK | |
r-oldrel-macos-arm64 | 0.1.0 | 26.00 | OK | |||
r-oldrel-macos-x86_64 | 0.1.0 | 36.00 | OK | |||
r-oldrel-windows-x86_64 | 0.1.0 | 31.00 | 70.00 | 101.00 | OK |
Version: 0.1.0
Check: CRAN incoming feasibility
Result: NOTE
Maintainer: ‘Jonathan Berrisch <Jonathan@Berrisch.biz>’
The Description field contains
distance correlation (see Chaudhuri, Hu (2019) <arXiv:1810.11332>
Please refer to arXiv e-prints via their arXiv DOI <doi:10.48550/arXiv.YYMM.NNNNN>.
Flavors: r-devel-linux-x86_64-debian-clang, r-devel-linux-x86_64-debian-gcc