CRAN Package Check Results for Package dbhydroR

Last updated on 2025-05-22 06:51:42 CEST.

Flavor Version Tinstall Tcheck Ttotal Status Flags
r-devel-linux-x86_64-debian-clang 0.2-8 4.35 44.59 48.94 OK
r-devel-linux-x86_64-debian-gcc 0.2-8 3.51 34.34 37.85 OK
r-devel-linux-x86_64-fedora-clang 0.2-8 80.30 OK
r-devel-linux-x86_64-fedora-gcc 0.2-8 89.74 OK
r-devel-windows-x86_64 0.2-8 6.00 83.00 89.00 OK
r-patched-linux-x86_64 0.2-8 4.69 43.10 47.79 OK
r-release-linux-x86_64 0.2-8 4.11 43.48 47.59 OK
r-release-macos-arm64 0.2-8 43.00 OK
r-release-macos-x86_64 0.2-8 68.00 OK
r-release-windows-x86_64 0.2-8 6.00 91.00 97.00 OK
r-oldrel-macos-arm64 0.2-8 30.00 NOTE
r-oldrel-macos-x86_64 0.2-8 50.00 NOTE
r-oldrel-windows-x86_64 0.2-8 8.00 72.00 80.00 NOTE

Check Details

Version: 0.2-8
Check: LazyData
Result: NOTE 'LazyData' is specified without a 'data' directory Flavors: r-oldrel-macos-arm64, r-oldrel-macos-x86_64, r-oldrel-windows-x86_64

mirror server hosted at Truenetwork, Russian Federation.