CRAN Package Check Results for Package datrProfile

Last updated on 2025-07-22 07:49:37 CEST.

Flavor Version Tinstall Tcheck Ttotal Status Flags
r-devel-linux-x86_64-debian-clang 0.1.0 2.05 23.92 25.97 OK
r-devel-linux-x86_64-debian-gcc 0.1.0 1.68 19.47 21.15 OK
r-devel-linux-x86_64-fedora-clang 0.1.0 41.83 OK
r-devel-linux-x86_64-fedora-gcc 0.1.0 38.32 OK
r-devel-windows-x86_64 0.1.0 4.00 44.00 48.00 OK
r-patched-linux-x86_64 0.1.0 2.09 22.41 24.50 OK
r-release-linux-x86_64 0.1.0 1.87 22.75 24.62 OK
r-release-macos-arm64 0.1.0 18.00 OK
r-release-macos-x86_64 0.1.0 28.00 OK
r-release-windows-x86_64 0.1.0 4.00 48.00 52.00 OK
r-oldrel-macos-arm64 0.1.0 19.00 NOTE
r-oldrel-macos-x86_64 0.1.0 24.00 NOTE
r-oldrel-windows-x86_64 0.1.0 4.00 50.00 54.00 NOTE

Check Details

Version: 0.1.0
Check: LazyData
Result: NOTE 'LazyData' is specified without a 'data' directory Flavors: r-oldrel-macos-arm64, r-oldrel-macos-x86_64, r-oldrel-windows-x86_64

mirror server hosted at Truenetwork, Russian Federation.