Last updated on 2025-02-21 17:50:39 CET.
Flavor | Version | Tinstall | Tcheck | Ttotal | Status | Flags |
---|---|---|---|---|---|---|
r-devel-linux-x86_64-debian-clang | 1.0.5 | 13.87 | 54.60 | 68.47 | OK | |
r-devel-linux-x86_64-debian-gcc | 1.0.5 | 9.24 | 37.70 | 46.94 | OK | |
r-devel-linux-x86_64-fedora-clang | 1.0.5 | 110.32 | OK | |||
r-devel-linux-x86_64-fedora-gcc | 1.0.5 | 103.41 | OK | |||
r-devel-macos-arm64 | 1.0.5 | 36.00 | OK | |||
r-devel-macos-x86_64 | 1.0.5 | 76.00 | OK | |||
r-devel-windows-x86_64 | 1.0.5 | 17.00 | 103.00 | 120.00 | OK | |
r-patched-linux-x86_64 | 1.0.5 | 16.57 | 52.29 | 68.86 | OK | |
r-release-linux-x86_64 | 1.0.5 | 14.56 | 52.05 | 66.61 | OK | |
r-release-macos-arm64 | 1.0.5 | 41.00 | WARN | |||
r-release-macos-x86_64 | 1.0.5 | 67.00 | WARN | |||
r-release-windows-x86_64 | 1.0.5 | 18.00 | 101.00 | 119.00 | NOTE | |
r-oldrel-macos-arm64 | 1.0.5 | 45.00 | WARN | |||
r-oldrel-macos-x86_64 | 1.0.5 | 68.00 | WARN | |||
r-oldrel-windows-x86_64 | 1.0.5 | 23.00 | 113.00 | 136.00 | WARN |
Version: 1.0.5
Check: installed package size
Result: NOTE
installed size is 5.9Mb
sub-directories of 1Mb or more:
data 5.5Mb
Flavors: r-release-macos-arm64, r-release-macos-x86_64, r-release-windows-x86_64, r-oldrel-macos-arm64, r-oldrel-macos-x86_64, r-oldrel-windows-x86_64
Version: 1.0.5
Check: LazyData
Result: WARN
LazyData DB of 5.1 MB without LazyDataCompression set
See ยง1.1.6 of 'Writing R Extensions'
Flavors: r-release-macos-arm64, r-release-macos-x86_64, r-oldrel-macos-arm64, r-oldrel-macos-x86_64, r-oldrel-windows-x86_64