Last updated on 2025-11-04 11:52:28 CET.
| Flavor | Version | Tinstall | Tcheck | Ttotal | Status | Flags | 
|---|---|---|---|---|---|---|
| r-devel-linux-x86_64-debian-clang | 0.3.0 | 6.65 | 47.88 | 54.53 | ERROR | |
| r-devel-linux-x86_64-debian-gcc | 0.3.0 | 5.17 | 37.61 | 42.78 | ERROR | |
| r-devel-linux-x86_64-fedora-clang | 0.3.0 | 15.00 | 66.69 | 81.69 | ERROR | |
| r-devel-linux-x86_64-fedora-gcc | 0.3.0 | 13.00 | 80.63 | 93.63 | ERROR | |
| r-devel-windows-x86_64 | 0.3.0 | 9.00 | 61.00 | 70.00 | ERROR | |
| r-patched-linux-x86_64 | 0.3.0 | 5.80 | 45.16 | 50.96 | ERROR | |
| r-release-linux-x86_64 | 0.3.0 | 6.68 | 45.00 | 51.68 | ERROR | |
| r-release-macos-arm64 | 0.3.0 | 3.00 | 38.00 | 41.00 | OK | |
| r-release-macos-x86_64 | 0.3.0 | 7.00 | 58.00 | 65.00 | OK | |
| r-release-windows-x86_64 | 0.3.0 | 9.00 | 59.00 | 68.00 | ERROR | |
| r-oldrel-macos-arm64 | 0.3.0 | 4.00 | 31.00 | 35.00 | OK | |
| r-oldrel-macos-x86_64 | 0.3.0 | 5.00 | 45.00 | 50.00 | OK | |
| r-oldrel-windows-x86_64 | 0.3.0 | 10.00 | 74.00 | 84.00 | ERROR | 
Version: 0.3.0
Check: re-building of vignette outputs
Result: ERROR
  Error(s) in re-building vignettes:
    ...
  --- re-building ‘dams.Rmd’ using rmarkdown
  
  Quitting from dams.Rmd:82-119 [unnamed-chunk-7]
  ~~~~~~~~~~~~~~~~~~~~~~~~~~~~~~~~~~~~~~~~~~~~~~~~~~~~~~~~~~~~~~~~~~~~~~~~~~~~~~~~
  <error/rlang_error>
  Error:
  ! <ggplot2::labels> object is invalid:
  - every label must be named.
  ---
  Backtrace:
      ▆
   1. └─ggplot2::labs(...)
   2.   └─ggplot2::class_labels(args)
   3.     └─S7::new_object(labels)
   4.       └─S7::validate(object, recursive = !parent_validated)
  ~~~~~~~~~~~~~~~~~~~~~~~~~~~~~~~~~~~~~~~~~~~~~~~~~~~~~~~~~~~~~~~~~~~~~~~~~~~~~~~~
  
  Error: processing vignette 'dams.Rmd' failed with diagnostics:
  <ggplot2::labels> object is invalid:
  - every label must be named.
  --- failed re-building ‘dams.Rmd’
  
  SUMMARY: processing the following file failed:
    ‘dams.Rmd’
  
  Error: Vignette re-building failed.
  Execution halted
Flavors: r-devel-linux-x86_64-debian-clang, r-devel-linux-x86_64-debian-gcc, r-patched-linux-x86_64, r-release-linux-x86_64
Version: 0.3.0
Check: re-building of vignette outputs
Result: ERROR
  Error(s) in re-building vignettes:
  --- re-building ‘dams.Rmd’ using rmarkdown
  
  Quitting from dams.Rmd:82-119 [unnamed-chunk-7]
  ~~~~~~~~~~~~~~~~~~~~~~~~~~~~~~~~~~~~~~~~~~~~~~~~~~~~~~~~~~~~~~~~~~~~~~~~~~~~~~~~
  <error/rlang_error>
  Error:
  ! <ggplot2::labels> object is invalid:
  - every label must be named.
  ---
  Backtrace:
      ▆
   1. └─ggplot2::labs(...)
   2.   └─ggplot2::class_labels(args)
   3.     └─S7::new_object(labels)
   4.       └─S7::validate(object, recursive = !parent_validated)
  ~~~~~~~~~~~~~~~~~~~~~~~~~~~~~~~~~~~~~~~~~~~~~~~~~~~~~~~~~~~~~~~~~~~~~~~~~~~~~~~~
  
  Error: processing vignette 'dams.Rmd' failed with diagnostics:
  <ggplot2::labels> object is invalid:
  - every label must be named.
  --- failed re-building ‘dams.Rmd’
  
  SUMMARY: processing the following file failed:
    ‘dams.Rmd’
  
  Error: Vignette re-building failed.
  Execution halted
Flavors: r-devel-linux-x86_64-fedora-clang, r-devel-linux-x86_64-fedora-gcc, r-devel-windows-x86_64, r-release-windows-x86_64, r-oldrel-windows-x86_64