Last updated on 2025-11-04 11:52:28 CET.
| Flavor | Version | Tinstall | Tcheck | Ttotal | Status | Flags | 
|---|---|---|---|---|---|---|
| r-devel-linux-x86_64-debian-clang | 1.0-38 | 2.33 | 39.13 | 41.46 | NOTE | |
| r-devel-linux-x86_64-debian-gcc | 1.0-38 | 1.83 | 31.95 | 33.78 | NOTE | |
| r-devel-linux-x86_64-fedora-clang | 1.0-38 | 59.92 | NOTE | |||
| r-devel-linux-x86_64-fedora-gcc | 1.0-38 | 57.70 | NOTE | |||
| r-devel-windows-x86_64 | 1.0-38 | 4.00 | 71.00 | 75.00 | NOTE | |
| r-patched-linux-x86_64 | 1.0-38 | 2.66 | 37.35 | 40.01 | NOTE | |
| r-release-linux-x86_64 | 1.0-38 | 2.44 | 37.52 | 39.96 | NOTE | |
| r-release-macos-arm64 | 1.0-38 | 1.00 | 24.00 | 25.00 | NOTE | |
| r-release-macos-x86_64 | 1.0-38 | 2.00 | 40.00 | 42.00 | NOTE | |
| r-release-windows-x86_64 | 1.0-38 | 4.00 | 69.00 | 73.00 | NOTE | |
| r-oldrel-macos-arm64 | 1.0-38 | 1.00 | 22.00 | 23.00 | NOTE | |
| r-oldrel-macos-x86_64 | 1.0-38 | 2.00 | 34.00 | 36.00 | NOTE | |
| r-oldrel-windows-x86_64 | 1.0-38 | 5.00 | 79.00 | 84.00 | NOTE | 
Version: 1.0-38
Check: CRAN incoming feasibility
Result: NOTE
  Maintainer: ‘James Curran <j.curran@auckland.ac.nz>’
  
  No Authors@R field in DESCRIPTION.
  Please add one, modifying
    Authors@R: c(person(given = "James",
                        family = "Curran",
                        role = c("aut", "cre"),
                        email = "j.curran@auckland.ac.nz"),
                 person(given = "Danny",
                        family = "Chang",
                        role = "aut"))
  as necessary.
Flavors: r-devel-linux-x86_64-debian-clang, r-devel-linux-x86_64-debian-gcc
Version: 1.0-38
Check: Rd files
Result: NOTE
  checkRd: (-1) formatScientificTeX.Rd:33: Lost braces; missing escapes or markup?
      33 | function will return  " 3.0\\\\times 10^{2}"
         |                                         ^
Flavors: r-devel-linux-x86_64-debian-clang, r-devel-linux-x86_64-debian-gcc, r-devel-linux-x86_64-fedora-clang, r-devel-linux-x86_64-fedora-gcc, r-devel-windows-x86_64, r-patched-linux-x86_64, r-release-linux-x86_64, r-release-macos-arm64, r-release-macos-x86_64, r-release-windows-x86_64, r-oldrel-macos-arm64, r-oldrel-macos-x86_64, r-oldrel-windows-x86_64