Last updated on 2025-11-03 17:49:46 CET.
| Flavor | Version | Tinstall | Tcheck | Ttotal | Status | Flags |
|---|---|---|---|---|---|---|
| r-devel-linux-x86_64-debian-clang | 4.1.6 | 22.02 | 210.19 | 232.21 | NOTE | |
| r-devel-linux-x86_64-debian-gcc | 4.1.6 | 14.65 | 139.95 | 154.60 | NOTE | |
| r-devel-linux-x86_64-fedora-clang | 4.1.6 | 52.00 | 300.67 | 352.67 | NOTE | |
| r-devel-linux-x86_64-fedora-gcc | 4.1.6 | 43.00 | 301.28 | 344.28 | NOTE | |
| r-devel-windows-x86_64 | 4.1.6 | 24.00 | 235.00 | 259.00 | NOTE | |
| r-patched-linux-x86_64 | 4.1.6 | 26.66 | 194.05 | 220.71 | OK | |
| r-release-linux-x86_64 | 4.1.6 | 21.00 | 193.13 | 214.13 | OK | |
| r-release-macos-arm64 | 4.1.6 | 9.00 | 81.00 | 90.00 | OK | |
| r-release-macos-x86_64 | 4.1.6 | 22.00 | 168.00 | 190.00 | OK | |
| r-release-windows-x86_64 | 4.1.6 | 23.00 | 227.00 | 250.00 | OK | |
| r-oldrel-macos-arm64 | 4.1.6 | 9.00 | 78.00 | 87.00 | OK | |
| r-oldrel-macos-x86_64 | 4.1.6 | 17.00 | 161.00 | 178.00 | OK | |
| r-oldrel-windows-x86_64 | 4.1.6 | 32.00 | 299.00 | 331.00 | OK |
Version: 4.1.6
Check: Rd files
Result: NOTE
checkRd: (-1) dad-package.Rd:17-25: Only 2 columns allowed in this table (row 6 has 1)
Flavors: r-devel-linux-x86_64-debian-clang, r-devel-linux-x86_64-debian-gcc, r-devel-linux-x86_64-fedora-clang, r-devel-linux-x86_64-fedora-gcc, r-devel-windows-x86_64