Last updated on 2025-11-04 11:52:28 CET.
| Flavor | Version | Tinstall | Tcheck | Ttotal | Status | Flags | 
|---|---|---|---|---|---|---|
| r-devel-linux-x86_64-debian-clang | 2.1 | 10.81 | 30.17 | 40.98 | NOTE | |
| r-devel-linux-x86_64-debian-gcc | 2.1 | 7.52 | 23.85 | 31.37 | NOTE | |
| r-devel-linux-x86_64-fedora-clang | 2.1 | 27.00 | 41.64 | 68.64 | NOTE | |
| r-devel-linux-x86_64-fedora-gcc | 2.1 | 26.00 | 36.95 | 62.95 | NOTE | |
| r-devel-windows-x86_64 | 2.1 | 13.00 | 62.00 | 75.00 | NOTE | |
| r-patched-linux-x86_64 | 2.1 | 11.36 | 28.11 | 39.47 | NOTE | |
| r-release-linux-x86_64 | 2.1 | 11.64 | 27.96 | 39.60 | NOTE | |
| r-release-macos-arm64 | 2.1 | 6.00 | 17.00 | 23.00 | NOTE | |
| r-release-macos-x86_64 | 2.1 | 9.00 | 29.00 | 38.00 | NOTE | |
| r-release-windows-x86_64 | 2.1 | 13.00 | 60.00 | 73.00 | NOTE | |
| r-oldrel-macos-arm64 | 2.1 | 6.00 | 18.00 | 24.00 | NOTE | |
| r-oldrel-macos-x86_64 | 2.1 | 7.00 | 26.00 | 33.00 | NOTE | |
| r-oldrel-windows-x86_64 | 2.1 | 17.00 | 72.00 | 89.00 | NOTE | 
Version: 2.1
Check: CRAN incoming feasibility
Result: NOTE
  Maintainer: ‘Niklas Pfister <pfister@stat.math.ethz.ch>’
  
  No Authors@R field in DESCRIPTION.
  Please add one, modifying
    Authors@R: c(person(given = "Niklas",
                        family = "Pfister",
                        role = c("aut", "cre"),
                        email = "pfister@stat.math.ethz.ch"),
                 person(given = "Jonas",
                        family = "Peters",
                        role = "aut"))
  as necessary.
Flavors: r-devel-linux-x86_64-debian-clang, r-devel-linux-x86_64-debian-gcc
Version: 2.1
Check: Rd files
Result: NOTE
  checkRd: (-1) dHSIC-package.Rd:32: Lost braces
      32 |   Gretton, A., K. Fukumizu, C. H. Teo, L. Song, B. Sch{\"o}lkopf and
         |                                                       ^
  checkRd: (-1) dHSIC-package.Rd:36: Lost braces
      36 |   Pfister, N., P. B{\"u}hlmann, B. Sch{\"o}lkopf and J. Peters (2017).
         |                    ^
  checkRd: (-1) dHSIC-package.Rd:36: Lost braces
      36 |   Pfister, N., P. B{\"u}hlmann, B. Sch{\"o}lkopf and J. Peters (2017).
         |                                       ^
  checkRd: (-1) dhsic.Rd:84: Lost braces
      84 |   Gretton, A., K. Fukumizu, C. H. Teo, L. Song, B. Sch{\"o}lkopf and
         |                                                       ^
  checkRd: (-1) dhsic.Rd:88: Lost braces
      88 |   Pfister, N., P. B{\"u}hlmann, B. Sch{\"o}lkopf and J. Peters (2017).
         |                    ^
  checkRd: (-1) dhsic.Rd:88: Lost braces
      88 |   Pfister, N., P. B{\"u}hlmann, B. Sch{\"o}lkopf and J. Peters (2017).
         |                                       ^
  checkRd: (-1) dhsic.test.Rd:124: Lost braces
     124 |   Gretton, A., K. Fukumizu, C. H. Teo, L. Song, B. Sch{\"o}lkopf and
         |                                                       ^
  checkRd: (-1) dhsic.test.Rd:128: Lost braces
     128 |   Pfister, N., P. B{\"u}hlmann, B. Sch{\"o}lkopf and J. Peters (2017).
         |                    ^
  checkRd: (-1) dhsic.test.Rd:128: Lost braces
     128 |   Pfister, N., P. B{\"u}hlmann, B. Sch{\"o}lkopf and J. Peters (2017).
         |                                       ^
Flavors: r-devel-linux-x86_64-debian-clang, r-devel-linux-x86_64-debian-gcc, r-devel-linux-x86_64-fedora-clang, r-devel-linux-x86_64-fedora-gcc, r-devel-windows-x86_64, r-patched-linux-x86_64, r-release-linux-x86_64, r-release-macos-arm64, r-release-macos-x86_64, r-release-windows-x86_64, r-oldrel-macos-arm64, r-oldrel-macos-x86_64, r-oldrel-windows-x86_64