CRAN Package Check Results for Package d3Tree

Last updated on 2025-05-22 06:51:42 CEST.

Flavor Version Tinstall Tcheck Ttotal Status Flags
r-devel-linux-x86_64-debian-clang 0.3.0 4.11 33.24 37.35 NOTE
r-devel-linux-x86_64-debian-gcc 0.3.0 2.88 24.86 27.74 NOTE
r-devel-linux-x86_64-fedora-clang 0.3.0 56.17 NOTE
r-devel-linux-x86_64-fedora-gcc 0.3.0 52.65 NOTE
r-devel-windows-x86_64 0.3.0 7.00 66.00 73.00 NOTE
r-patched-linux-x86_64 0.3.0 3.80 30.57 34.37 NOTE
r-release-linux-x86_64 0.3.0 3.73 30.49 34.22 NOTE
r-release-macos-arm64 0.3.0 21.00 NOTE
r-release-macos-x86_64 0.3.0 33.00 NOTE
r-release-windows-x86_64 0.3.0 7.00 80.00 87.00 NOTE
r-oldrel-macos-arm64 0.3.0 21.00 OK
r-oldrel-macos-x86_64 0.3.0 30.00 OK
r-oldrel-windows-x86_64 0.3.0 7.00 56.00 63.00 OK

Check Details

Version: 0.3.0
Check: DESCRIPTION meta-information
Result: NOTE Missing dependency on R >= 4.1.0 because package code uses the pipe |> or function shorthand \(...) syntax added in R 4.1.0. File(s) using such syntax: ‘d3TreeFunctions.R’ Flavors: r-devel-linux-x86_64-debian-clang, r-devel-linux-x86_64-debian-gcc, r-devel-linux-x86_64-fedora-clang, r-devel-linux-x86_64-fedora-gcc, r-devel-windows-x86_64, r-patched-linux-x86_64, r-release-linux-x86_64, r-release-macos-arm64, r-release-macos-x86_64, r-release-windows-x86_64

mirror server hosted at Truenetwork, Russian Federation.