Last updated on 2025-05-28 00:48:58 CEST.
Flavor | Version | Tinstall | Tcheck | Ttotal | Status | Flags |
---|---|---|---|---|---|---|
r-devel-linux-x86_64-debian-clang | 1.0.42 | 5.27 | 48.41 | 53.68 | OK | |
r-devel-linux-x86_64-debian-gcc | 1.0.42 | 4.59 | 38.40 | 42.99 | OK | |
r-devel-linux-x86_64-fedora-clang | 1.0.42 | 83.78 | OK | |||
r-devel-linux-x86_64-fedora-gcc | 1.0.42 | 91.95 | OK | |||
r-devel-windows-x86_64 | 1.0.42 | 10.00 | 68.00 | 78.00 | OK | |
r-patched-linux-x86_64 | 1.0.42 | 6.40 | 46.80 | 53.20 | OK | |
r-release-linux-x86_64 | 1.0.42 | 5.62 | 46.71 | 52.33 | OK | |
r-release-macos-arm64 | 1.0.42 | 40.00 | OK | |||
r-release-macos-x86_64 | 1.0.42 | 64.00 | OK | |||
r-release-windows-x86_64 | 1.0.42 | 9.00 | 73.00 | 82.00 | OK | |
r-oldrel-macos-arm64 | 1.0.42 | 34.00 | NOTE | |||
r-oldrel-macos-x86_64 | 1.0.42 | 51.00 | NOTE | |||
r-oldrel-windows-x86_64 | 1.0.42 | 11.00 | 82.00 | 93.00 | NOTE |
Version: 1.0.42
Check: installed package size
Result: NOTE
installed size is 5.8Mb
sub-directories of 1Mb or more:
docs 1.0Mb
extdata 1.3Mb
htmlwidgets 1.4Mb
Flavors: r-oldrel-macos-arm64, r-oldrel-macos-x86_64, r-oldrel-windows-x86_64