CRAN Package Check Results for Package cvequality

Last updated on 2025-02-22 11:51:23 CET.

Flavor Version Tinstall Tcheck Ttotal Status Flags
r-devel-linux-x86_64-debian-clang 0.2.0 1.84 41.32 43.16 OK
r-devel-linux-x86_64-debian-gcc 0.2.0 1.45 28.16 29.61 OK
r-devel-linux-x86_64-fedora-clang 0.2.0 72.97 OK
r-devel-linux-x86_64-fedora-gcc 0.2.0 79.76 OK
r-devel-macos-arm64 0.2.0 28.00 OK
r-devel-macos-x86_64 0.2.0 55.00 OK
r-devel-windows-x86_64 0.2.0 3.00 57.00 60.00 OK
r-patched-linux-x86_64 0.2.0 1.91 38.47 40.38 NOTE
r-release-linux-x86_64 0.2.0 1.42 38.09 39.51 NOTE
r-release-macos-arm64 0.2.0 27.00 NOTE
r-release-macos-x86_64 0.2.0 44.00 NOTE
r-release-windows-x86_64 0.2.0 3.00 57.00 60.00 NOTE
r-oldrel-macos-arm64 0.2.0 29.00 NOTE
r-oldrel-macos-x86_64 0.2.0 44.00 NOTE
r-oldrel-windows-x86_64 0.2.0 4.00 65.00 69.00 NOTE

Check Details

Version: 0.2.0
Check: LazyData
Result: NOTE 'LazyData' is specified without a 'data' directory Flavors: r-patched-linux-x86_64, r-release-linux-x86_64, r-release-macos-arm64, r-release-macos-x86_64, r-release-windows-x86_64, r-oldrel-macos-arm64, r-oldrel-macos-x86_64, r-oldrel-windows-x86_64

mirror server hosted at Truenetwork, Russian Federation.