Last updated on 2025-11-03 23:50:14 CET.
| Flavor | Version | Tinstall | Tcheck | Ttotal | Status | Flags | 
|---|---|---|---|---|---|---|
| r-devel-linux-x86_64-debian-clang | 1.0.4 | 97.74 | 34.72 | 132.46 | OK | |
| r-devel-linux-x86_64-debian-gcc | 1.0.4 | 72.12 | 32.66 | 104.78 | OK | |
| r-devel-linux-x86_64-fedora-clang | 1.0.4 | 123.00 | 91.87 | 214.87 | OK | |
| r-devel-linux-x86_64-fedora-gcc | 1.0.4 | 148.00 | 86.77 | 234.77 | OK | |
| r-devel-windows-x86_64 | 1.0.4 | 112.00 | 79.00 | 191.00 | OK | |
| r-patched-linux-x86_64 | 1.0.4 | 105.10 | 40.30 | 145.40 | OK | |
| r-release-linux-x86_64 | 1.0.4 | 105.68 | 40.49 | 146.17 | OK | |
| r-release-macos-arm64 | 1.0.4 | 36.00 | 18.00 | 54.00 | OK | |
| r-release-macos-x86_64 | 1.0.4 | 64.00 | 36.00 | 100.00 | OK | |
| r-release-windows-x86_64 | 1.0.4 | 100.00 | 76.00 | 176.00 | OK | |
| r-oldrel-macos-arm64 | 1.0.4 | 21.00 | 24.00 | 45.00 | NOTE | |
| r-oldrel-macos-x86_64 | 1.0.4 | 30.00 | 28.00 | 58.00 | NOTE | |
| r-oldrel-windows-x86_64 | 1.0.4 | 131.00 | 101.00 | 232.00 | NOTE | 
Version: 1.0.4
Check: installed package size
Result: NOTE
    installed size is 37.4Mb
    sub-directories of 1Mb or more:
      libs  37.3Mb
Flavors: r-oldrel-macos-arm64, r-oldrel-macos-x86_64
Version: 1.0.4
Check: for GNU extensions in Makefiles
Result: NOTE
  GNU make is a SystemRequirements.
Flavors: r-oldrel-macos-arm64, r-oldrel-macos-x86_64, r-oldrel-windows-x86_64