CRAN Package Check Results for Package customiser

Last updated on 2025-05-22 06:51:42 CEST.

Flavor Version Tinstall Tcheck Ttotal Status Flags
r-devel-linux-x86_64-debian-clang 0.1.1 1.70 20.38 22.08 OK
r-devel-linux-x86_64-debian-gcc 0.1.1 1.40 16.82 18.22 OK
r-devel-linux-x86_64-fedora-clang 0.1.1 32.36 NOTE
r-devel-linux-x86_64-fedora-gcc 0.1.1 31.38 NOTE
r-devel-windows-x86_64 0.1.1 4.00 58.00 62.00 OK
r-patched-linux-x86_64 0.1.1 1.57 18.66 20.23 OK
r-release-linux-x86_64 0.1.1 1.35 18.46 19.81 OK
r-release-macos-arm64 0.1.1 18.00 OK
r-release-macos-x86_64 0.1.1 26.00 OK
r-release-windows-x86_64 0.1.1 4.00 57.00 61.00 OK
r-oldrel-macos-arm64 0.1.1 17.00 OK
r-oldrel-macos-x86_64 0.1.1 28.00 OK
r-oldrel-windows-x86_64 0.1.1 4.00 47.00 51.00 OK

Check Details

Version: 0.1.1
Check: dependencies in R code
Result: NOTE Namespace in Imports field not imported from: ‘rlang’ All declared Imports should be used. Flavors: r-devel-linux-x86_64-fedora-clang, r-devel-linux-x86_64-fedora-gcc

mirror server hosted at Truenetwork, Russian Federation.