Last updated on 2025-02-21 17:50:38 CET.
Flavor | Version | Tinstall | Tcheck | Ttotal | Status | Flags |
---|---|---|---|---|---|---|
r-devel-linux-x86_64-debian-clang | 0.1.0.9 | 39.25 | 27.61 | 66.86 | NOTE | |
r-devel-linux-x86_64-debian-gcc | 0.1.0.9 | 27.44 | 21.43 | 48.87 | NOTE | |
r-devel-linux-x86_64-fedora-clang | 0.1.0.9 | 123.36 | NOTE | |||
r-devel-linux-x86_64-fedora-gcc | 0.1.0.9 | 115.23 | NOTE | |||
r-devel-macos-arm64 | 0.1.0.9 | 31.00 | NOTE | |||
r-devel-macos-x86_64 | 0.1.0.9 | 44.00 | NOTE | |||
r-devel-windows-x86_64 | 0.1.0.9 | 43.00 | 67.00 | 110.00 | NOTE | |
r-patched-linux-x86_64 | 0.1.0.9 | 35.63 | 26.66 | 62.29 | NOTE | |
r-release-linux-x86_64 | 0.1.0.9 | 37.83 | 26.46 | 64.29 | NOTE | |
r-release-macos-arm64 | 0.1.0.9 | 32.00 | NOTE | |||
r-release-macos-x86_64 | 0.1.0.9 | 38.00 | NOTE | |||
r-release-windows-x86_64 | 0.1.0.9 | 42.00 | 66.00 | 108.00 | NOTE | |
r-oldrel-macos-arm64 | 0.1.0.9 | 37.00 | NOTE | |||
r-oldrel-macos-x86_64 | 0.1.0.9 | 59.00 | NOTE | |||
r-oldrel-windows-x86_64 | 0.1.0.9 | 51.00 | 86.00 | 137.00 | NOTE |
Version: 0.1.0.9
Check: C++ specification
Result: NOTE
Specified C++11: please drop specification unless essential
Flavors: r-devel-linux-x86_64-debian-clang, r-devel-linux-x86_64-debian-gcc, r-devel-linux-x86_64-fedora-clang, r-devel-linux-x86_64-fedora-gcc, r-devel-macos-arm64, r-devel-macos-x86_64, r-devel-windows-x86_64, r-patched-linux-x86_64, r-release-linux-x86_64, r-release-macos-arm64, r-release-macos-x86_64, r-release-windows-x86_64, r-oldrel-macos-arm64, r-oldrel-macos-x86_64, r-oldrel-windows-x86_64