CRAN Package Check Results for Package cumulocityr

Last updated on 2025-07-19 06:48:27 CEST.

Flavor Version Tinstall Tcheck Ttotal Status Flags
r-devel-linux-x86_64-debian-clang 0.1.0 1.81 24.31 26.12 OK
r-devel-linux-x86_64-debian-gcc 0.1.0 1.57 20.96 22.53 OK
r-devel-linux-x86_64-fedora-clang 0.1.0 40.60 OK
r-devel-linux-x86_64-fedora-gcc 0.1.0 48.21 OK
r-devel-windows-x86_64 0.1.0 3.00 45.00 48.00 OK
r-patched-linux-x86_64 0.1.0 1.74 22.31 24.05 OK
r-release-linux-x86_64 0.1.0 1.85 22.25 24.10 OK
r-release-macos-arm64 0.1.0 34.00 OK
r-release-macos-x86_64 0.1.0 44.00 OK
r-release-windows-x86_64 0.1.0 3.00 44.00 47.00 OK
r-oldrel-macos-arm64 0.1.0 23.00 NOTE
r-oldrel-macos-x86_64 0.1.0 34.00 NOTE
r-oldrel-windows-x86_64 0.1.0 4.00 51.00 55.00 NOTE

Additional issues

donttest

Check Details

Version: 0.1.0
Check: LazyData
Result: NOTE 'LazyData' is specified without a 'data' directory Flavors: r-oldrel-macos-arm64, r-oldrel-macos-x86_64, r-oldrel-windows-x86_64

mirror server hosted at Truenetwork, Russian Federation.