CRAN Package Check Results for Package cumulocityr

Last updated on 2025-05-28 00:48:58 CEST.

Flavor Version Tinstall Tcheck Ttotal Status Flags
r-devel-linux-x86_64-debian-clang 0.1.0 1.92 24.20 26.12 OK
r-devel-linux-x86_64-debian-gcc 0.1.0 1.50 19.92 21.42 OK
r-devel-linux-x86_64-fedora-clang 0.1.0 40.01 OK
r-devel-linux-x86_64-fedora-gcc 0.1.0 50.37 OK
r-devel-windows-x86_64 0.1.0 4.00 45.00 49.00 OK
r-patched-linux-x86_64 0.1.0 1.85 22.27 24.12 OK
r-release-linux-x86_64 0.1.0 1.64 22.35 23.99 OK
r-release-macos-arm64 0.1.0 34.00 OK
r-release-macos-x86_64 0.1.0 44.00 OK
r-release-windows-x86_64 0.1.0 4.00 46.00 50.00 OK
r-oldrel-macos-arm64 0.1.0 23.00 NOTE
r-oldrel-macos-x86_64 0.1.0 34.00 NOTE
r-oldrel-windows-x86_64 0.1.0 4.00 50.00 54.00 NOTE

Additional issues

donttest

Check Details

Version: 0.1.0
Check: LazyData
Result: NOTE 'LazyData' is specified without a 'data' directory Flavors: r-oldrel-macos-arm64, r-oldrel-macos-x86_64, r-oldrel-windows-x86_64

mirror server hosted at Truenetwork, Russian Federation.