Last updated on 2025-11-04 11:52:28 CET.
| Flavor | Version | Tinstall | Tcheck | Ttotal | Status | Flags | 
|---|---|---|---|---|---|---|
| r-devel-linux-x86_64-debian-clang | 0.1.7 | 3.41 | 48.56 | 51.97 | NOTE | |
| r-devel-linux-x86_64-debian-gcc | 0.1.7 | 2.75 | 38.19 | 40.94 | NOTE | |
| r-devel-linux-x86_64-fedora-clang | 0.1.7 | 75.82 | OK | |||
| r-devel-linux-x86_64-fedora-gcc | 0.1.7 | 88.23 | OK | |||
| r-devel-windows-x86_64 | 0.1.7 | 7.00 | 70.00 | 77.00 | OK | |
| r-patched-linux-x86_64 | 0.1.7 | 4.36 | 44.65 | 49.01 | OK | |
| r-release-linux-x86_64 | 0.1.7 | 3.31 | 44.10 | 47.41 | OK | |
| r-release-macos-arm64 | 0.1.7 | 1.00 | 32.00 | 33.00 | OK | |
| r-release-macos-x86_64 | 0.1.7 | 3.00 | 54.00 | 57.00 | OK | |
| r-release-windows-x86_64 | 0.1.7 | 9.00 | 68.00 | 77.00 | OK | |
| r-oldrel-macos-arm64 | 0.1.7 | 2.00 | 29.00 | 31.00 | OK | |
| r-oldrel-macos-x86_64 | 0.1.7 | 3.00 | 45.00 | 48.00 | OK | |
| r-oldrel-windows-x86_64 | 0.1.7 | 10.00 | 83.00 | 93.00 | OK | 
Version: 0.1.7
Check: CRAN incoming feasibility
Result: NOTE
  Maintainer: ‘Robin Gower <csvwr@infonomics.ltd.uk>’
  
  No Authors@R field in DESCRIPTION.
  Please add one, modifying
    Authors@R: person(given = "Robin",
                      family = "Gower",
                      role = c("aut", "cre"),
                      email = "csvwr@infonomics.ltd.uk")
  as necessary.
Flavors: r-devel-linux-x86_64-debian-clang, r-devel-linux-x86_64-debian-gcc