CRAN Package Check Results for Package cry

Last updated on 2025-11-04 13:50:12 CET.

Flavor Version Tinstall Tcheck Ttotal Status Flags
r-devel-linux-x86_64-debian-clang 0.5.2 21.12 147.29 168.41 OK
r-devel-linux-x86_64-debian-gcc 0.5.2 15.27 98.12 113.39 OK
r-devel-linux-x86_64-fedora-clang 0.5.2 48.00 217.32 265.32 OK
r-devel-linux-x86_64-fedora-gcc 0.5.2 58.00 213.91 271.91 OK
r-devel-windows-x86_64 0.5.2 25.00 150.00 175.00 OK
r-patched-linux-x86_64 0.5.2 22.48 135.39 157.87 OK
r-release-linux-x86_64 0.5.2 19.96 136.76 156.72 OK
r-release-macos-arm64 0.5.2 9.00 65.00 74.00 OK
r-release-macos-x86_64 0.5.2 16.00 118.00 134.00 OK
r-release-windows-x86_64 0.5.2 25.00 144.00 169.00 OK
r-oldrel-macos-arm64 0.5.1 9.00 57.00 66.00 NOTE
r-oldrel-macos-x86_64 0.5.1 15.00 94.00 109.00 NOTE
r-oldrel-windows-x86_64 0.5.1 33.00 177.00 210.00 NOTE

Check Details

Version: 0.5.1
Check: Rd files
Result: NOTE checkRd: (-1) calculate_cell_volume.Rd:16: Lost braces; missing escapes or markup? 16 | V A real number. The volume (in angstroms^3 or angstroms^{-3}) | ^ Flavors: r-oldrel-macos-arm64, r-oldrel-macos-x86_64, r-oldrel-windows-x86_64

mirror server hosted at Truenetwork, Russian Federation.