Last updated on 2025-02-21 17:50:38 CET.
Flavor | Version | Tinstall | Tcheck | Ttotal | Status | Flags |
---|---|---|---|---|---|---|
r-devel-linux-x86_64-debian-clang | 0.15-38 | 235.06 | 199.11 | 434.17 | NOTE | |
r-devel-linux-x86_64-debian-gcc | 0.15-38 | 184.86 | 153.98 | 338.84 | NOTE | |
r-devel-linux-x86_64-fedora-clang | 0.15-38 | 839.07 | OK | |||
r-devel-linux-x86_64-fedora-gcc | 0.15-38 | 805.68 | OK | |||
r-devel-macos-arm64 | 0.15-38 | 242.00 | OK | |||
r-devel-macos-x86_64 | 0.15-38 | 302.00 | OK | |||
r-devel-windows-x86_64 | 0.15-38 | 264.00 | 157.00 | 421.00 | OK | --no-vignettes |
r-patched-linux-x86_64 | 0.15-38 | 256.93 | 191.97 | 448.90 | OK | |
r-release-linux-x86_64 | 0.15-38 | 259.19 | 190.33 | 449.52 | OK | |
r-release-macos-arm64 | 0.15-38 | 226.00 | NOTE | |||
r-release-macos-x86_64 | 0.15-38 | 256.00 | NOTE | |||
r-release-windows-x86_64 | 0.15-38 | 276.00 | 184.00 | 460.00 | OK | --no-vignettes |
r-oldrel-macos-arm64 | 0.15-38 | 215.00 | NOTE | |||
r-oldrel-macos-x86_64 | 0.15-38 | 251.00 | NOTE | |||
r-oldrel-windows-x86_64 | 0.15-38 | 314.00 | 186.00 | 500.00 | OK | --no-vignettes |
Version: 0.15-38
Check: for unstated dependencies in ‘demo’
Result: NOTE
'library' or 'require' call not declared from: ‘ggplot2’
Flavors: r-devel-linux-x86_64-debian-clang, r-devel-linux-x86_64-debian-gcc
Version: 0.15-38
Check: installed package size
Result: NOTE
installed size is 29.3Mb
sub-directories of 1Mb or more:
libs 27.6Mb
Flavors: r-release-macos-arm64, r-release-macos-x86_64, r-oldrel-macos-arm64, r-oldrel-macos-x86_64