CRAN Package Check Results for Package crossvalidationCP

Last updated on 2025-07-10 12:48:20 CEST.

Flavor Version Tinstall Tcheck Ttotal Status Flags
r-devel-linux-x86_64-debian-clang 1.1 1.94 27.77 29.71 NOTE
r-devel-linux-x86_64-debian-gcc 1.1 1.70 22.37 24.07 NOTE
r-devel-linux-x86_64-fedora-clang 1.1 43.90 OK
r-devel-linux-x86_64-fedora-gcc 1.1 42.00 OK
r-devel-windows-x86_64 1.1 3.00 54.00 57.00 OK
r-patched-linux-x86_64 1.1 2.60 25.96 28.56 OK
r-release-linux-x86_64 1.1 2.12 26.08 28.20 OK
r-release-macos-arm64 1.1 22.00 OK
r-release-macos-x86_64 1.1 32.00 OK
r-release-windows-x86_64 1.1 3.00 56.00 59.00 OK
r-oldrel-macos-arm64 1.1 20.00 OK
r-oldrel-macos-x86_64 1.1 27.00 OK
r-oldrel-windows-x86_64 1.1 4.00 56.00 60.00 OK

Check Details

Version: 1.1
Check: CRAN incoming feasibility
Result: NOTE Maintainer: ‘Pein Florian <f.pein@lancaster.ac.uk>’ The Description field contains <arXiv:2112.03220>. Can be customised by providing different Please refer to arXiv e-prints via their arXiv DOI <doi:10.48550/arXiv.YYMM.NNNNN>. Flavors: r-devel-linux-x86_64-debian-clang, r-devel-linux-x86_64-debian-gcc

mirror server hosted at Truenetwork, Russian Federation.