Last updated on 2025-11-28 12:48:34 CET.
| Flavor | Version | Tinstall | Tcheck | Ttotal | Status | Flags |
|---|---|---|---|---|---|---|
| r-devel-linux-x86_64-debian-clang | 1.1.7 | 5.46 | 52.23 | 57.69 | OK | |
| r-devel-linux-x86_64-debian-gcc | 1.1.7 | 3.86 | 37.71 | 41.57 | OK | |
| r-devel-linux-x86_64-fedora-clang | 1.1.7 | 29.00 | 68.79 | 97.79 | NOTE | |
| r-devel-linux-x86_64-fedora-gcc | 1.1.7 | 25.00 | 65.26 | 90.26 | NOTE | |
| r-devel-windows-x86_64 | 1.1.7 | 11.00 | 65.00 | 76.00 | OK | |
| r-patched-linux-x86_64 | 1.1.7 | 4.69 | 49.49 | 54.18 | OK | |
| r-release-linux-x86_64 | 1.1.7 | 4.72 | 49.45 | 54.17 | OK | |
| r-release-macos-arm64 | 1.1.7 | OK | ||||
| r-release-macos-x86_64 | 1.1.7 | 5.00 | 41.00 | 46.00 | OK | |
| r-release-windows-x86_64 | 1.1.7 | 8.00 | 71.00 | 79.00 | OK | |
| r-oldrel-macos-arm64 | 1.1.7 | NOTE | ||||
| r-oldrel-macos-x86_64 | 1.1.7 | 5.00 | 36.00 | 41.00 | NOTE | |
| r-oldrel-windows-x86_64 | 1.1.7 | 11.00 | 80.00 | 91.00 | OK |
Version: 1.1.7
Check: dependencies in R code
Result: NOTE
Namespace in Imports field not imported from: ‘DT’
All declared Imports should be used.
Flavors: r-devel-linux-x86_64-fedora-clang, r-devel-linux-x86_64-fedora-gcc
Version: 1.1.7
Check: package dependencies
Result: NOTE
Package suggested but not available for checking: ‘BSgenome.Scerevisiae.UCSC.sacCer3’
Flavors: r-oldrel-macos-arm64, r-oldrel-macos-x86_64