Last updated on 2025-11-03 23:50:14 CET.
| Flavor | Version | Tinstall | Tcheck | Ttotal | Status | Flags | 
|---|---|---|---|---|---|---|
| r-devel-linux-x86_64-debian-clang | 1.0.0 | 6.48 | 56.46 | 62.94 | NOTE | |
| r-devel-linux-x86_64-debian-gcc | 1.0.0 | 5.24 | 41.64 | 46.88 | NOTE | |
| r-devel-linux-x86_64-fedora-clang | 1.0.0 | 17.00 | 71.97 | 88.97 | NOTE | |
| r-devel-linux-x86_64-fedora-gcc | 1.0.0 | 17.00 | 73.08 | 90.08 | NOTE | |
| r-devel-windows-x86_64 | 1.0.0 | 8.00 | 69.00 | 77.00 | NOTE | |
| r-patched-linux-x86_64 | 1.0.0 | 5.82 | 53.65 | 59.47 | NOTE | |
| r-release-linux-x86_64 | 1.0.0 | 6.88 | 54.34 | 61.22 | NOTE | |
| r-release-macos-arm64 | 1.0.0 | 3.00 | 26.00 | 29.00 | NOTE | |
| r-release-macos-x86_64 | 1.0.0 | 10.00 | 44.00 | 54.00 | NOTE | |
| r-release-windows-x86_64 | 1.0.0 | 8.00 | 66.00 | 74.00 | NOTE | |
| r-oldrel-macos-arm64 | 1.0.0 | 3.00 | 24.00 | 27.00 | NOTE | |
| r-oldrel-macos-x86_64 | 1.0.0 | 8.00 | 39.00 | 47.00 | NOTE | |
| r-oldrel-windows-x86_64 | 1.0.0 | 9.00 | 79.00 | 88.00 | NOTE | 
Version: 1.0.0
Check: CRAN incoming feasibility
Result: NOTE
  Maintainer: ‘Ashley Petersen <ashleyjpete@gmail.com>’
  
  No Authors@R field in DESCRIPTION.
  Please add one, modifying
    Authors@R: person(given = "Ashley",
                      family = "Petersen",
                      role = c("aut", "cre"),
                      email = "ashleyjpete@gmail.com")
  as necessary.
Flavors: r-devel-linux-x86_64-debian-clang, r-devel-linux-x86_64-debian-gcc
Version: 1.0.0
Check: Rd files
Result: NOTE
  checkRd: (-1) crisp.Rd:40: Lost braces; missing escapes or markup?
      40 | \item{double.run}{The initial complete run of our ADMM algorithm will yield sparsity in z_{1i} and z_{2i}, but not
         |                                                                                           ^
  checkRd: (-1) crisp.Rd:40: Lost braces; missing escapes or markup?
      40 | \item{double.run}{The initial complete run of our ADMM algorithm will yield sparsity in z_{1i} and z_{2i}, but not
         |                                                                                                      ^
  checkRd: (-1) crisp.Rd:48: Lost braces in \itemize; \value handles \item{}{} directly
  checkRd: (-1) crisp.Rd:49: Lost braces in \itemize; \value handles \item{}{} directly
  checkRd: (-1) crisp.Rd:50: Lost braces in \itemize; \value handles \item{}{} directly
  checkRd: (-1) crisp.Rd:51: Lost braces in \itemize; \value handles \item{}{} directly
  checkRd: (-1) crispCV.Rd:49: Lost braces; missing escapes or markup?
      49 | \item{double.run}{The initial complete run of our ADMM algorithm will yield sparsity in z_{1i} and z_{2i}, but not
         |                                                                                           ^
  checkRd: (-1) crispCV.Rd:49: Lost braces; missing escapes or markup?
      49 | \item{double.run}{The initial complete run of our ADMM algorithm will yield sparsity in z_{1i} and z_{2i}, but not
         |                                                                                                      ^
  checkRd: (-1) crispCV.Rd:57: Lost braces in \itemize; \value handles \item{}{} directly
  checkRd: (-1) crispCV.Rd:58: Lost braces in \itemize; \value handles \item{}{} directly
  checkRd: (-1) crispCV.Rd:59: Lost braces in \itemize; \value handles \item{}{} directly
  checkRd: (-1) crispCV.Rd:60: Lost braces in \itemize; \value handles \item{}{} directly
  checkRd: (-1) crispCV.Rd:61: Lost braces in \itemize; \value handles \item{}{} directly
  checkRd: (-1) crispCV.Rd:62: Lost braces in \itemize; \value handles \item{}{} directly
  checkRd: (-1) sim.data.Rd:21: Lost braces in \itemize; \value handles \item{}{} directly
  checkRd: (-1) sim.data.Rd:22: Lost braces in \itemize; \value handles \item{}{} directly
  checkRd: (-1) sim.data.Rd:23: Lost braces in \itemize; \value handles \item{}{} directly
Flavors: r-devel-linux-x86_64-debian-clang, r-devel-linux-x86_64-debian-gcc, r-devel-linux-x86_64-fedora-clang, r-devel-linux-x86_64-fedora-gcc, r-devel-windows-x86_64, r-patched-linux-x86_64, r-release-linux-x86_64, r-release-macos-arm64, r-release-macos-x86_64, r-release-windows-x86_64, r-oldrel-macos-arm64, r-oldrel-macos-x86_64, r-oldrel-windows-x86_64
Version: 1.0.0
Check: LazyData
Result: NOTE
    'LazyData' is specified without a 'data' directory
Flavors: r-oldrel-macos-arm64, r-oldrel-macos-x86_64, r-oldrel-windows-x86_64