Last updated on 2025-11-03 23:50:14 CET.
| Flavor | Version | Tinstall | Tcheck | Ttotal | Status | Flags | 
|---|---|---|---|---|---|---|
| r-devel-linux-x86_64-debian-clang | 0.0.26 | 11.62 | 112.32 | 123.94 | NOTE | |
| r-devel-linux-x86_64-debian-gcc | 0.0.26 | 10.11 | 79.28 | 89.39 | NOTE | |
| r-devel-linux-x86_64-fedora-clang | 0.0.26 | 30.00 | 154.60 | 184.60 | OK | |
| r-devel-linux-x86_64-fedora-gcc | 0.0.26 | 27.00 | 144.51 | 171.51 | OK | |
| r-devel-windows-x86_64 | 0.0.26 | 15.00 | 135.00 | 150.00 | OK | |
| r-patched-linux-x86_64 | 0.0.26 | 13.18 | 105.39 | 118.57 | OK | |
| r-release-linux-x86_64 | 0.0.26 | 11.57 | 106.21 | 117.78 | OK | |
| r-release-macos-arm64 | 0.0.26 | 5.00 | 49.00 | 54.00 | OK | |
| r-release-macos-x86_64 | 0.0.26 | 11.00 | 78.00 | 89.00 | OK | |
| r-release-windows-x86_64 | 0.0.26 | 16.00 | 133.00 | 149.00 | OK | |
| r-oldrel-macos-arm64 | 0.0.26 | 5.00 | 38.00 | 43.00 | OK | |
| r-oldrel-macos-x86_64 | 0.0.26 | 8.00 | 60.00 | 68.00 | OK | |
| r-oldrel-windows-x86_64 | 0.0.26 | 21.00 | 163.00 | 184.00 | OK | 
Version: 0.0.26
Check: CRAN incoming feasibility
Result: NOTE
  Maintainer: ‘Tinniam V Ganesh <tvganesh.85@gmail.com>’
  
  No Authors@R field in DESCRIPTION.
  Please add one, modifying
    Authors@R: person(given = c("Tinniam", "V"),
                      family = "Ganesh",
                      role = c("aut", "cre"),
                      email = "tvganesh.85@gmail.com")
  as necessary.
Flavors: r-devel-linux-x86_64-debian-clang, r-devel-linux-x86_64-debian-gcc