Last updated on 2025-11-04 05:51:07 CET.
| Flavor | Version | Tinstall | Tcheck | Ttotal | Status | Flags | 
|---|---|---|---|---|---|---|
| r-devel-linux-x86_64-debian-clang | 1.1.1 | 2.04 | 27.51 | 29.55 | NOTE | |
| r-devel-linux-x86_64-debian-gcc | 1.1.1 | 1.71 | 21.34 | 23.05 | NOTE | |
| r-devel-linux-x86_64-fedora-clang | 1.1.1 | 43.41 | OK | |||
| r-devel-linux-x86_64-fedora-gcc | 1.1.1 | 56.67 | OK | |||
| r-devel-windows-x86_64 | 1.1.1 | 4.00 | 45.00 | 49.00 | OK | |
| r-patched-linux-x86_64 | 1.1.1 | 2.23 | 26.18 | 28.41 | OK | |
| r-release-linux-x86_64 | 1.1.1 | 1.84 | 26.11 | 27.95 | OK | |
| r-release-macos-arm64 | 1.1.1 | 1.00 | 23.00 | 24.00 | OK | |
| r-release-macos-x86_64 | 1.1.1 | 2.00 | 43.00 | 45.00 | OK | |
| r-release-windows-x86_64 | 1.1.1 | 4.00 | 45.00 | 49.00 | OK | |
| r-oldrel-macos-arm64 | 1.1.1 | 1.00 | 20.00 | 21.00 | OK | |
| r-oldrel-macos-x86_64 | 1.1.1 | 2.00 | 32.00 | 34.00 | OK | |
| r-oldrel-windows-x86_64 | 1.1.1 | 5.00 | 53.00 | 58.00 | OK | 
Version: 1.1.1
Check: CRAN incoming feasibility
Result: NOTE
  Maintainer: ‘Patrick Schnell <schnell.31@osu.edu>’
  
  No Authors@R field in DESCRIPTION.
  Please add one, modifying
    Authors@R: c(person(given = "Patrick",
                        family = "Schnell",
                        role = c("aut", "cre"),
                        email = "schnell.31@osu.edu"),
                 person(given = "Brad",
                        family = "Carlin",
                        role = "aut"))
  as necessary.
Flavors: r-devel-linux-x86_64-debian-clang, r-devel-linux-x86_64-debian-gcc