CRAN Package Check Results for Package cramR

Last updated on 2025-05-29 00:48:18 CEST.

Flavor Version Tinstall Tcheck Ttotal Status Flags
r-devel-linux-x86_64-debian-clang 0.1.0 26.33 670.13 696.46 OK
r-devel-linux-x86_64-debian-gcc 0.1.0 18.01 539.63 557.64 OK
r-devel-linux-x86_64-fedora-clang 0.1.0 1039.23 OK
r-devel-linux-x86_64-fedora-gcc 0.1.0 1164.21 OK
r-devel-windows-x86_64 0.1.0 26.00 483.00 509.00 OK
r-patched-linux-x86_64 0.1.0 23.82 679.93 703.75 OK
r-release-linux-x86_64 0.1.0 25.62 677.37 702.99 OK
r-release-macos-arm64 0.1.0 139.00 OK
r-release-macos-x86_64 0.1.0 479.00 OK
r-release-windows-x86_64 0.1.0 27.00 483.00 510.00 OK
r-oldrel-macos-arm64 0.1.0 175.00 NOTE
r-oldrel-macos-x86_64 0.1.0 466.00 NOTE
r-oldrel-windows-x86_64 0.1.0 30.00 633.00 663.00 NOTE

Check Details

Version: 0.1.0
Check: installed package size
Result: NOTE installed size is 5.2Mb sub-directories of 1Mb or more: doc 2.2Mb help 2.4Mb Flavors: r-oldrel-macos-arm64, r-oldrel-macos-x86_64, r-oldrel-windows-x86_64

mirror server hosted at Truenetwork, Russian Federation.