Last updated on 2025-11-04 05:51:07 CET.
| Flavor | Version | Tinstall | Tcheck | Ttotal | Status | Flags | 
|---|---|---|---|---|---|---|
| r-devel-linux-x86_64-debian-clang | 1.0.2 | 6.83 | 64.56 | 71.39 | NOTE | |
| r-devel-linux-x86_64-debian-gcc | 1.0.2 | 5.01 | 46.76 | 51.77 | NOTE | |
| r-devel-linux-x86_64-fedora-clang | 1.0.2 | 13.00 | 89.84 | 102.84 | OK | |
| r-devel-linux-x86_64-fedora-gcc | 1.0.2 | 16.00 | 89.67 | 105.67 | OK | |
| r-devel-windows-x86_64 | 1.0.2 | 9.00 | 71.00 | 80.00 | OK | |
| r-patched-linux-x86_64 | 1.0.2 | 6.25 | 61.73 | 67.98 | OK | |
| r-release-linux-x86_64 | 1.0.2 | 6.99 | 61.83 | 68.82 | OK | |
| r-release-macos-arm64 | 1.0.2 | 4.00 | 31.00 | 35.00 | OK | |
| r-release-macos-x86_64 | 1.0.2 | 9.00 | 72.00 | 81.00 | OK | |
| r-release-windows-x86_64 | 1.0.2 | 8.00 | 70.00 | 78.00 | OK | |
| r-oldrel-macos-arm64 | 1.0.2 | 3.00 | 31.00 | 34.00 | OK | |
| r-oldrel-macos-x86_64 | 1.0.2 | 6.00 | 56.00 | 62.00 | OK | |
| r-oldrel-windows-x86_64 | 1.0.2 | 10.00 | 89.00 | 99.00 | OK | 
Version: 1.0.2
Check: CRAN incoming feasibility
Result: NOTE
  Maintainer: ‘Johann Gagnon-Bartsch <johanngb@umich.edu>’
  
  No Authors@R field in DESCRIPTION.
  Please add one, modifying
    Authors@R: person(given = "Johann",
                      family = "Gagnon-Bartsch",
                      role = c("aut", "cre"),
                      email = "johanngb@umich.edu")
  as necessary.
Flavors: r-devel-linux-x86_64-debian-clang, r-devel-linux-x86_64-debian-gcc