CRAN Package Check Results for Package cpt

Last updated on 2025-07-13 06:48:21 CEST.

Flavor Version Tinstall Tcheck Ttotal Status Flags
r-devel-linux-x86_64-debian-clang 1.0.2 5.51 63.08 68.59 NOTE
r-devel-linux-x86_64-debian-gcc 1.0.2 5.13 46.88 52.01 NOTE
r-devel-linux-x86_64-fedora-clang 1.0.2 101.51 OK
r-devel-linux-x86_64-fedora-gcc 1.0.2 96.43 OK
r-devel-windows-x86_64 1.0.2 8.00 72.00 80.00 OK
r-patched-linux-x86_64 1.0.2 6.96 61.08 68.04 OK
r-release-linux-x86_64 1.0.2 6.67 59.00 65.67 OK
r-release-macos-arm64 1.0.2 35.00 OK
r-release-macos-x86_64 1.0.2 81.00 OK
r-release-windows-x86_64 1.0.2 8.00 77.00 85.00 OK
r-oldrel-macos-arm64 1.0.2 34.00 OK
r-oldrel-macos-x86_64 1.0.2 62.00 OK
r-oldrel-windows-x86_64 1.0.2 15.00 87.00 102.00 OK

Check Details

Version: 1.0.2
Check: CRAN incoming feasibility
Result: NOTE Maintainer: ‘Johann Gagnon-Bartsch <johanngb@umich.edu>’ No Authors@R field in DESCRIPTION. Please add one, modifying Authors@R: person(given = "Johann", family = "Gagnon-Bartsch", role = c("aut", "cre"), email = "johanngb@umich.edu") as necessary. Flavors: r-devel-linux-x86_64-debian-clang, r-devel-linux-x86_64-debian-gcc

mirror server hosted at Truenetwork, Russian Federation.